CRAN Package Check Results for Package ids

Last updated on 2020-04-09 14:51:23 CEST.

Flavor Version Tinstall Tcheck Ttotal Status Flags
r-devel-linux-x86_64-debian-clang 1.0.1 2.56 30.17 32.73 OK
r-devel-linux-x86_64-debian-gcc 1.0.1 2.04 23.91 25.95 OK
r-devel-linux-x86_64-fedora-clang 1.0.1 39.45 OK
r-devel-linux-x86_64-fedora-gcc 1.0.1 45.24 OK
r-devel-windows-ix86+x86_64 1.0.1 5.00 63.00 68.00 OK
r-devel-windows-ix86+x86_64-gcc8 1.0.1 6.00 41.00 47.00 OK
r-patched-linux-x86_64 1.0.1 2.30 30.02 32.32 OK
r-patched-osx-x86_64 1.0.1 WARN
r-patched-solaris-x86 1.0.1 60.20 OK
r-release-linux-x86_64 1.0.1 2.04 27.37 29.41 OK
r-release-windows-ix86+x86_64 1.0.1 5.00 60.00 65.00 OK
r-release-osx-x86_64 1.0.1 OK
r-oldrel-windows-ix86+x86_64 1.0.1 5.00 42.00 47.00 OK
r-oldrel-osx-x86_64 1.0.1 OK

Check Details

Version: 1.0.1
Check: re-building of vignette outputs
Result: WARN
    Error(s) in re-building vignettes:
     ...
    --- re-building ‘ids.Rmd’ using rmarkdown
    dyld: lazy symbol binding failed: Symbol not found: ____chkstk_darwin
     Referenced from: /usr/local/bin/pandoc (which was built for Mac OS X 10.15)
     Expected in: /usr/lib/libSystem.B.dylib
    
    dyld: Symbol not found: ____chkstk_darwin
     Referenced from: /usr/local/bin/pandoc (which was built for Mac OS X 10.15)
     Expected in: /usr/lib/libSystem.B.dylib
    
    Error: processing vignette 'ids.Rmd' failed with diagnostics:
    pandoc document conversion failed with error 6
    --- failed re-building ‘ids.Rmd’
    
    SUMMARY: processing the following file failed:
     ‘ids.Rmd’
    
    Error: Vignette re-building failed.
    Execution halted
Flavor: r-patched-osx-x86_64