CRAN Package Check Results for Package ibmAcousticR

Last updated on 2021-04-15 09:50:01 CEST.

Flavor Version Tinstall Tcheck Ttotal Status Flags
r-devel-linux-x86_64-debian-clang 0.2.1 2.93 30.09 33.02 NOTE
r-devel-linux-x86_64-debian-gcc 0.2.1 2.42 23.53 25.95 NOTE
r-devel-linux-x86_64-fedora-clang 0.2.1 52.06 NOTE
r-devel-linux-x86_64-fedora-gcc 0.2.1 38.93 NOTE
r-devel-windows-ix86+x86_64 0.2.1 6.00 53.00 59.00 NOTE
r-devel-windows-x86_64-gcc10-UCRT 0.2.1 NOTE
r-patched-linux-x86_64 0.2.1 3.07 29.00 32.07 OK
r-patched-solaris-x86 0.2.1 61.90 OK
r-release-linux-x86_64 0.2.1 3.06 28.90 31.96 OK
r-release-macos-x86_64 0.2.1 OK
r-release-windows-ix86+x86_64 0.2.1 16.00 44.00 60.00 OK
r-oldrel-macos-x86_64 0.2.1 ERROR
r-oldrel-windows-ix86+x86_64 0.1.2 4.00 32.00 36.00 OK

Check Details

Version: 0.2.1
Check: LazyData
Result: NOTE
     'LazyData' is specified without a 'data' directory
Flavors: r-devel-linux-x86_64-debian-clang, r-devel-linux-x86_64-debian-gcc, r-devel-linux-x86_64-fedora-clang, r-devel-linux-x86_64-fedora-gcc, r-devel-windows-ix86+x86_64, r-devel-windows-x86_64-gcc10-UCRT

Version: 0.2.1
Check: package dependencies
Result: ERROR
    Package required and available but unsuitable version: ‘XML’
    
    See section ‘The DESCRIPTION file’ in the ‘Writing R Extensions’
    manual.
Flavor: r-oldrel-macos-x86_64