CRAN Package Check Results for Package iSDM

Last updated on 2020-05-29 17:49:08 CEST.

Flavor Version Tinstall Tcheck Ttotal Status Flags
r-devel-linux-x86_64-debian-clang 1.0 2.64 24.11 26.75 OK
r-devel-linux-x86_64-debian-gcc 1.0 2.23 19.19 21.42 OK
r-devel-linux-x86_64-fedora-clang 1.0 32.50 NOTE
r-devel-linux-x86_64-fedora-gcc 1.0 31.69 NOTE
r-devel-windows-ix86+x86_64 1.0 11.00 53.00 64.00 OK
r-patched-linux-x86_64 1.0 2.73 24.23 26.96 OK
r-patched-solaris-x86 1.0 52.00 NOTE
r-release-linux-x86_64 1.0 2.80 24.17 26.97 OK
r-release-osx-x86_64 1.0 NOTE
r-release-windows-ix86+x86_64 1.0 8.00 84.00 92.00 OK
r-oldrel-osx-x86_64 1.0 NOTE
r-oldrel-windows-ix86+x86_64 1.0 5.00 36.00 41.00 OK

Check Details

Version: 1.0
Check: dependencies in R code
Result: NOTE
    Namespaces in Imports field not imported from:
     ‘colorRamps’ ‘virtualspecies’
     All declared Imports should be used.
Flavors: r-devel-linux-x86_64-fedora-clang, r-devel-linux-x86_64-fedora-gcc, r-patched-solaris-x86, r-release-osx-x86_64, r-oldrel-osx-x86_64