CRAN Package Check Results for Package iBreakDown

Last updated on 2020-07-06 21:50:28 CEST.

Flavor Version Tinstall Tcheck Ttotal Status Flags
r-devel-linux-x86_64-debian-clang 1.2.0 5.21 378.82 384.03 OK
r-devel-linux-x86_64-debian-gcc 1.2.0 4.96 294.23 299.19 OK
r-devel-linux-x86_64-fedora-clang 1.2.0 462.78 OK
r-devel-linux-x86_64-fedora-gcc 1.2.0 448.15 OK
r-devel-windows-ix86+x86_64 1.2.0 19.00 574.00 593.00 OK
r-patched-linux-x86_64 1.2.0 5.17 365.98 371.15 OK
r-patched-solaris-x86 1.2.0 694.30 WARN
r-release-linux-x86_64 1.2.0 5.58 374.71 380.29 OK
r-release-osx-x86_64 1.2.0 OK
r-release-windows-ix86+x86_64 1.2.0 13.00 487.00 500.00 OK
r-oldrel-osx-x86_64 1.2.0 WARN
r-oldrel-windows-ix86+x86_64 1.2.0 15.00 542.00 557.00 OK

Check Details

Version: 1.2.0
Check: re-building of vignette outputs
Result: WARN
    Error(s) in re-building vignettes:
     ...
    --- re-building ‘vignette_iBreakDown_classification.Rmd’ using rmarkdown
    Warning in engine$weave(file, quiet = quiet, encoding = enc) :
     Pandoc (>= 1.12.3) and/or pandoc-citeproc not available. Falling back to R Markdown v1.
    Welcome to DALEX (version: 1.3.0).
    Find examples and detailed introduction at: https://pbiecek.github.io/ema/
    Additional features will be available after installation of: ggpubr.
    Use 'install_dependencies()' to get all suggested dependencies
    Warning: `fun.y` is deprecated. Use `fun` instead.
    randomForest 4.6-14
    Type rfNews() to see new features/changes/bug fixes.
    Quitting from lines 98-112 (vignette_iBreakDown_classification.Rmd)
    Error: processing vignette 'vignette_iBreakDown_classification.Rmd' failed with diagnostics:
    there is no package called 'webshot'
    --- failed re-building ‘vignette_iBreakDown_classification.Rmd’
    
    --- re-building ‘vignette_iBreakDown_description.Rmd’ using rmarkdown
    Warning in engine$weave(file, quiet = quiet, encoding = enc) :
     Pandoc (>= 1.12.3) and/or pandoc-citeproc not available. Falling back to R Markdown v1.
    Welcome to DALEX (version: 1.3.0).
    Find examples and detailed introduction at: https://pbiecek.github.io/ema/
    Additional features will be available after installation of: ggpubr.
    Use 'install_dependencies()' to get all suggested dependencies
    randomForest 4.6-14
    Type rfNews() to see new features/changes/bug fixes.
    Warning in randomForest.default(m, y, ...) :
     The response has five or fewer unique values. Are you sure you want to do regression?
    --- finished re-building ‘vignette_iBreakDown_description.Rmd’
    
    --- re-building ‘vignette_iBreakDown_regression.Rmd’ using rmarkdown
    Warning in engine$weave(file, quiet = quiet, encoding = enc) :
     Pandoc (>= 1.12.3) and/or pandoc-citeproc not available. Falling back to R Markdown v1.
    Welcome to DALEX (version: 1.3.0).
    Find examples and detailed introduction at: https://pbiecek.github.io/ema/
    Additional features will be available after installation of: ggpubr.
    Use 'install_dependencies()' to get all suggested dependencies
    Warning: `fun.y` is deprecated. Use `fun` instead.
    randomForest 4.6-14
    Type rfNews() to see new features/changes/bug fixes.
    --- finished re-building ‘vignette_iBreakDown_regression.Rmd’
    
    --- re-building ‘vignette_iBreakDown_titanic.Rmd’ using rmarkdown
    Warning in engine$weave(file, quiet = quiet, encoding = enc) :
     Pandoc (>= 1.12.3) and/or pandoc-citeproc not available. Falling back to R Markdown v1.
    Welcome to DALEX (version: 1.3.0).
    Find examples and detailed introduction at: https://pbiecek.github.io/ema/
    Additional features will be available after installation of: ggpubr.
    Use 'install_dependencies()' to get all suggested dependencies
    randomForest 4.6-14
    Type rfNews() to see new features/changes/bug fixes.
    Warning in randomForest.default(m, y, ...) :
     The response has five or fewer unique values. Are you sure you want to do regression?
    Quitting from lines 91-92 (vignette_iBreakDown_titanic.Rmd)
    Error: processing vignette 'vignette_iBreakDown_titanic.Rmd' failed with diagnostics:
    there is no package called 'webshot'
    --- failed re-building ‘vignette_iBreakDown_titanic.Rmd’
    
    SUMMARY: processing the following files failed:
     ‘vignette_iBreakDown_classification.Rmd’
     ‘vignette_iBreakDown_titanic.Rmd’
    
    Error: Vignette re-building failed.
    Execution halted
Flavor: r-patched-solaris-x86

Version: 1.2.0
Check: re-building of vignette outputs
Result: WARN
    Error(s) in re-building vignettes:
    --- re-building ‘vignette_iBreakDown_classification.Rmd’ using rmarkdown
    Warning in engine$weave(file, quiet = quiet, encoding = enc) :
     Pandoc (>= 1.12.3) and/or pandoc-citeproc not available. Falling back to R Markdown v1.
    Welcome to DALEX (version: 1.0.1).
    Find examples and detailed introduction at: https://pbiecek.github.io/ema/
    
    Warning: `fun.y` is deprecated. Use `fun` instead.
    randomForest 4.6-14
    Type rfNews() to see new features/changes/bug fixes.
    PhantomJS not found. You can install it with webshot::install_phantomjs(). If it is installed, please make sure the phantomjs executable can be found via the PATH variable.
    Warning in normalizePath(f2) :
     path[1]="webshot865d26afe656.png": No such file or directory
    Warning in file(con, "rb") :
     cannot open file 'webshot865d26afe656.png': No such file or directory
    Quitting from lines 98-112 (vignette_iBreakDown_classification.Rmd)
    Error: processing vignette 'vignette_iBreakDown_classification.Rmd' failed with diagnostics:
    cannot open the connection
    --- failed re-building ‘vignette_iBreakDown_classification.Rmd’
    
    --- re-building ‘vignette_iBreakDown_description.Rmd’ using rmarkdown
    Warning in engine$weave(file, quiet = quiet, encoding = enc) :
     Pandoc (>= 1.12.3) and/or pandoc-citeproc not available. Falling back to R Markdown v1.
    Welcome to DALEX (version: 1.0.1).
    Find examples and detailed introduction at: https://pbiecek.github.io/ema/
    
    randomForest 4.6-14
    Type rfNews() to see new features/changes/bug fixes.
    Warning in randomForest.default(m, y, ...) :
     The response has five or fewer unique values. Are you sure you want to do regression?
    --- finished re-building ‘vignette_iBreakDown_description.Rmd’
    
    --- re-building ‘vignette_iBreakDown_regression.Rmd’ using rmarkdown
    Warning in engine$weave(file, quiet = quiet, encoding = enc) :
     Pandoc (>= 1.12.3) and/or pandoc-citeproc not available. Falling back to R Markdown v1.
    Welcome to DALEX (version: 1.0.1).
    Find examples and detailed introduction at: https://pbiecek.github.io/ema/
    
    Warning: `fun.y` is deprecated. Use `fun` instead.
    randomForest 4.6-14
    Type rfNews() to see new features/changes/bug fixes.
    --- finished re-building ‘vignette_iBreakDown_regression.Rmd’
    
    --- re-building ‘vignette_iBreakDown_titanic.Rmd’ using rmarkdown
    Warning in engine$weave(file, quiet = quiet, encoding = enc) :
     Pandoc (>= 1.12.3) and/or pandoc-citeproc not available. Falling back to R Markdown v1.
    Welcome to DALEX (version: 1.0.1).
    Find examples and detailed introduction at: https://pbiecek.github.io/ema/
    
    randomForest 4.6-14
    Type rfNews() to see new features/changes/bug fixes.
    Warning in randomForest.default(m, y, ...) :
     The response has five or fewer unique values. Are you sure you want to do regression?
    PhantomJS not found. You can install it with webshot::install_phantomjs(). If it is installed, please make sure the phantomjs executable can be found via the PATH variable.
    Warning in normalizePath(f2) :
     path[1]="webshot86845506ee45.png": No such file or directory
    Warning in file(con, "rb") :
     cannot open file 'webshot86845506ee45.png': No such file or directory
    Quitting from lines 91-92 (vignette_iBreakDown_titanic.Rmd)
    Error: processing vignette 'vignette_iBreakDown_titanic.Rmd' failed with diagnostics:
    cannot open the connection
    --- failed re-building ‘vignette_iBreakDown_titanic.Rmd’
    
    SUMMARY: processing the following files failed:
     ‘vignette_iBreakDown_classification.Rmd’
     ‘vignette_iBreakDown_titanic.Rmd’
    
    Error: Vignette re-building failed.
    Execution halted
Flavor: r-oldrel-osx-x86_64