CRAN Package Check Results for Package hutilscpp

Last updated on 2020-03-30 20:48:30 CEST.

Flavor Version Tinstall Tcheck Ttotal Status Flags
r-devel-linux-x86_64-debian-clang 0.3.0 180.97 62.36 243.33 OK
r-devel-linux-x86_64-debian-gcc 0.3.0 106.15 50.34 156.49 OK
r-devel-linux-x86_64-fedora-clang 0.3.0 362.17 NOTE
r-devel-linux-x86_64-fedora-gcc 0.3.0 299.85 OK
r-devel-windows-ix86+x86_64 0.3.0 309.00 120.00 429.00 OK
r-devel-windows-ix86+x86_64-gcc8 0.3.0 357.00 125.00 482.00 OK
r-patched-linux-x86_64 0.3.0 130.08 61.19 191.27 OK
r-patched-solaris-x86 0.3.0 299.20 OK
r-release-linux-x86_64 0.3.0 128.35 57.13 185.48 OK
r-release-windows-ix86+x86_64 0.3.0 365.00 156.00 521.00 OK
r-release-osx-x86_64 0.3.0 OK
r-oldrel-windows-ix86+x86_64 0.3.0 388.00 156.00 544.00 OK
r-oldrel-osx-x86_64 0.3.0 OK

Check Details

Version: 0.3.0
Check: installed package size
Result: NOTE
     installed size is 5.6Mb
     sub-directories of 1Mb or more:
     libs 5.4Mb
Flavor: r-devel-linux-x86_64-fedora-clang