CRAN Package Check Results for Package huge

Last updated on 2021-04-15 09:50:01 CEST.

Flavor Version Tinstall Tcheck Ttotal Status Flags
r-devel-linux-x86_64-debian-clang 1.3.4.1 82.58 136.11 218.69 OK
r-devel-linux-x86_64-debian-gcc 1.3.4.1 52.23 107.68 159.91 OK
r-devel-linux-x86_64-fedora-clang 1.3.4.1 287.39 NOTE
r-devel-linux-x86_64-fedora-gcc 1.3.4.1 258.48 OK
r-devel-windows-ix86+x86_64 1.3.4.1 176.00 259.00 435.00 OK
r-devel-windows-x86_64-gcc10-UCRT 1.3.4.1 OK
r-patched-linux-x86_64 1.3.4.1 63.05 126.17 189.22 OK
r-patched-solaris-x86 1.3.4.1 299.20 OK
r-release-linux-x86_64 1.3.4.1 66.02 127.17 193.19 OK
r-release-macos-x86_64 1.3.4.1 NOTE
r-release-windows-ix86+x86_64 1.3.4.1 136.00 244.00 380.00 OK
r-oldrel-macos-x86_64 1.3.4.1 NOTE
r-oldrel-windows-ix86+x86_64 1.3.4.1 151.00 178.00 329.00 OK

Check Details

Version: 1.3.4.1
Check: installed package size
Result: NOTE
     installed size is 9.4Mb
     sub-directories of 1Mb or more:
     libs 8.0Mb
Flavors: r-devel-linux-x86_64-fedora-clang, r-release-macos-x86_64, r-oldrel-macos-x86_64