CRAN Package Check Results for Package httptest

Last updated on 2021-06-22 09:51:38 CEST.

Flavor Version Tinstall Tcheck Ttotal Status Flags
r-devel-linux-x86_64-debian-clang 4.0.0 3.22 57.99 61.21 OK
r-devel-linux-x86_64-debian-gcc 4.0.0 2.94 44.13 47.07 OK
r-devel-linux-x86_64-fedora-clang 4.0.0 85.74 OK
r-devel-linux-x86_64-fedora-gcc 4.0.0 74.04 OK
r-devel-windows-x86_64 4.0.0 6.00 68.00 74.00 OK
r-devel-windows-x86_64-gcc10-UCRT 4.0.0 ERROR
r-patched-linux-x86_64 4.0.0 4.25 55.60 59.85 OK
r-patched-solaris-x86 4.0.0 105.70 OK
r-release-linux-x86_64 4.0.0 2.62 55.83 58.45 OK
r-release-macos-arm64 4.0.0 OK
r-release-macos-x86_64 4.0.0 OK
r-release-windows-ix86+x86_64 4.0.0 12.00 90.00 102.00 OK
r-oldrel-macos-x86_64 4.0.0 OK

Check Details

Version: 4.0.0
Check: package dependencies
Result: ERROR
    Packages required but not available: 'curl', 'httr'
    
    Package suggested but not available for checking: 'covr'
    
    See section 'The DESCRIPTION file' in the 'Writing R Extensions'
    manual.
Flavor: r-devel-windows-x86_64-gcc10-UCRT