CRAN Package Check Results for Package httk

Last updated on 2020-02-21 17:47:48 CET.

Flavor Version Tinstall Tcheck Ttotal Status Flags
r-devel-linux-x86_64-debian-clang 2.0.0 22.01 1164.62 1186.63 WARN
r-devel-linux-x86_64-debian-gcc 2.0.0 19.13 782.49 801.62 OK
r-devel-linux-x86_64-fedora-clang 2.0.0 1505.98 NOTE
r-devel-linux-x86_64-fedora-gcc 2.0.0 662.59 NOTE
r-devel-windows-ix86+x86_64 1.10.1 49.00 290.00 339.00 NOTE
r-devel-windows-ix86+x86_64-gcc8 2.0.0 54.00 1199.00 1253.00 NOTE
r-patched-linux-x86_64 2.0.0 18.42 915.28 933.70 OK
r-patched-solaris-x86 2.0.0 1006.20 NOTE
r-release-linux-x86_64 2.0.0 19.45 916.42 935.87 OK
r-release-windows-ix86+x86_64 2.0.0 39.00 845.00 884.00 NOTE
r-release-osx-x86_64 2.0.0 NOTE
r-oldrel-windows-ix86+x86_64 2.0.0 49.00 1035.00 1084.00 NOTE
r-oldrel-osx-x86_64 2.0.0 NOTE

Check Details

Version: 2.0.0
Check: re-building of vignette outputs
Result: WARN
    Error(s) in re-building vignettes:
     ...
    --- re-building 'Frank2018.Rmd' using rmarkdown
    --- finished re-building 'Frank2018.Rmd'
    
    --- re-building 'Honda2019.Rmd' using rmarkdown
    --- finished re-building 'Honda2019.Rmd'
    
    --- re-building 'LinakisSubmitted.Rmd' using rmarkdown
    --- finished re-building 'LinakisSubmitted.Rmd'
    
    --- re-building 'Pearce2017.Rmd' using rmarkdown
    Killed
    --- re-building 'Ring_2017_vignette01_subpopulations.Rmd' using rmarkdown
    --- finished re-building 'Ring_2017_vignette01_subpopulations.Rmd'
    
    --- re-building 'Ring_2017_vignette02_evalmodelsubpop.Rmd' using rmarkdown
    --- finished re-building 'Ring_2017_vignette02_evalmodelsubpop.Rmd'
    
    --- re-building 'Ring_2017_vignette03_paper_fig2.Rmd' using rmarkdown
    --- finished re-building 'Ring_2017_vignette03_paper_fig2.Rmd'
    
    --- re-building 'Ring_2017_vignette04_paper_fig3.Rmd' using rmarkdown
    --- finished re-building 'Ring_2017_vignette04_paper_fig3.Rmd'
    
    --- re-building 'Ring_2017_vignette05b_plothowgatejohnson.Rmd' using rmarkdown
    --- finished re-building 'Ring_2017_vignette05b_plothowgatejohnson.Rmd'
    
    --- re-building 'Ring_2017_vignette06_aerplotting.Rmd' using rmarkdown
    --- finished re-building 'Ring_2017_vignette06_aerplotting.Rmd'
    
    --- re-building 'Ring_2017_vignette_05a_virtualstudypops.Rmd' using rmarkdown
    --- finished re-building 'Ring_2017_vignette_05a_virtualstudypops.Rmd'
    
    --- re-building 'Wambaugh2018.Rmd' using rmarkdown
    --- finished re-building 'Wambaugh2018.Rmd'
    
    --- re-building 'Wambaugh2019.Rmd' using rmarkdown
    --- finished re-building 'Wambaugh2019.Rmd'
    
    SUMMARY: processing the following file failed:
     'Pearce2017.Rmd'
    
    Error: Vignette re-building failed.
    Execution halted
Flavor: r-devel-linux-x86_64-debian-clang

Version: 2.0.0
Check: package dependencies
Result: NOTE
    Suggests orphaned package: ‘gplots’
Flavor: r-devel-linux-x86_64-fedora-clang

Version: 2.0.0
Check: installed package size
Result: NOTE
     installed size is 11.9Mb
     sub-directories of 1Mb or more:
     data 8.3Mb
     doc 2.1Mb
Flavors: r-devel-linux-x86_64-fedora-clang, r-devel-windows-ix86+x86_64-gcc8, r-patched-solaris-x86, r-release-windows-ix86+x86_64, r-release-osx-x86_64, r-oldrel-windows-ix86+x86_64, r-oldrel-osx-x86_64

Version: 2.0.0
Check: data for non-ASCII characters
Result: NOTE
     Note: found 1 marked UTF-8 string
Flavors: r-devel-linux-x86_64-fedora-clang, r-devel-linux-x86_64-fedora-gcc, r-patched-solaris-x86, r-release-osx-x86_64, r-oldrel-osx-x86_64

Version: 1.10.1
Check: installed package size
Result: NOTE
     installed size is 13.1Mb
     sub-directories of 1Mb or more:
     R 1.8Mb
     data 8.1Mb
     doc 2.5Mb
Flavor: r-devel-windows-ix86+x86_64