CRAN Package Check Results for Package htmltidy

Last updated on 2021-04-15 09:50:01 CEST.

Flavor Version Tinstall Tcheck Ttotal Status Flags
r-devel-linux-x86_64-debian-clang 0.5.0 61.97 37.69 99.66 NOTE
r-devel-linux-x86_64-debian-gcc 0.5.0 34.45 30.17 64.62 NOTE
r-devel-linux-x86_64-fedora-clang 0.5.0 137.89 NOTE
r-devel-linux-x86_64-fedora-gcc 0.5.0 111.36 NOTE
r-devel-windows-ix86+x86_64 0.5.0 143.00 90.00 233.00 NOTE
r-devel-windows-x86_64-gcc10-UCRT 0.5.0 NOTE
r-patched-linux-x86_64 0.5.0 43.61 36.47 80.08 OK
r-patched-solaris-x86 0.5.0 129.70 OK
r-release-linux-x86_64 0.5.0 45.86 36.19 82.05 OK
r-release-macos-x86_64 0.5.0 OK
r-release-windows-ix86+x86_64 0.5.0 143.00 88.00 231.00 NOTE
r-oldrel-macos-x86_64 0.5.0 OK
r-oldrel-windows-ix86+x86_64 0.5.0 131.00 62.00 193.00 OK

Check Details

Version: 0.5.0
Check: LazyData
Result: NOTE
     'LazyData' is specified without a 'data' directory
Flavors: r-devel-linux-x86_64-debian-clang, r-devel-linux-x86_64-debian-gcc, r-devel-linux-x86_64-fedora-clang, r-devel-linux-x86_64-fedora-gcc, r-devel-windows-ix86+x86_64, r-devel-windows-x86_64-gcc10-UCRT

Version: 0.5.0
Check: installed package size
Result: NOTE
     installed size is 5.1Mb
     sub-directories of 1Mb or more:
     htmlwidgets 1.9Mb
     libs 2.9Mb
Flavors: r-devel-linux-x86_64-fedora-clang, r-devel-windows-ix86+x86_64, r-release-windows-ix86+x86_64