CRAN Package Check Results for Package hsstan

Last updated on 2020-04-09 14:51:23 CEST.

Flavor Version Tinstall Tcheck Ttotal Status Flags
r-devel-linux-x86_64-debian-clang 0.6 400.75 128.06 528.81 OK
r-devel-linux-x86_64-debian-gcc 0.6 368.87 109.58 478.45 OK
r-devel-linux-x86_64-fedora-clang 0.6 727.18 NOTE
r-devel-linux-x86_64-fedora-gcc 0.6 943.17 OK
r-devel-windows-ix86+x86_64 0.6 680.00 464.00 1144.00 NOTE
r-devel-windows-ix86+x86_64-gcc8 0.6 691.00 333.00 1024.00 NOTE
r-patched-linux-x86_64 0.6 378.64 139.24 517.88 OK
r-patched-osx-x86_64 0.6 NOTE
r-patched-solaris-x86 0.6 706.70 OK
r-release-linux-x86_64 0.6 352.80 121.94 474.74 OK
r-release-windows-ix86+x86_64 0.6 816.00 459.00 1275.00 NOTE
r-release-osx-x86_64 0.6 NOTE
r-oldrel-osx-x86_64 0.6 ERROR

Check Details

Version: 0.6
Check: installed package size
Result: NOTE
     installed size is 67.9Mb
     sub-directories of 1Mb or more:
     libs 67.4Mb
Flavors: r-devel-linux-x86_64-fedora-clang, r-devel-windows-ix86+x86_64, r-devel-windows-ix86+x86_64-gcc8, r-patched-osx-x86_64, r-release-windows-ix86+x86_64, r-release-osx-x86_64

Version: 0.6
Check: whether package can be installed
Result: ERROR
    Installation failed.
Flavor: r-oldrel-osx-x86_64