CRAN Package Check Results for Package hsdar

Last updated on 2020-07-06 21:50:28 CEST.

Flavor Version Tinstall Tcheck Ttotal Status Flags
r-devel-linux-x86_64-debian-clang 1.0.2 61.64 320.13 381.77 OK
r-devel-linux-x86_64-debian-gcc 1.0.2 52.56 237.71 290.27 OK
r-devel-linux-x86_64-fedora-clang 1.0.2 468.16 NOTE
r-devel-linux-x86_64-fedora-gcc 1.0.2 459.79 OK
r-devel-windows-ix86+x86_64 1.0.2 154.00 582.00 736.00 NOTE
r-patched-linux-x86_64 1.0.2 58.86 309.99 368.85 OK
r-patched-solaris-x86 1.0.2 598.40 NOTE
r-release-linux-x86_64 1.0.2 60.93 309.98 370.91 OK
r-release-osx-x86_64 1.0.2 NOTE
r-release-windows-ix86+x86_64 1.0.2 116.00 420.00 536.00 NOTE
r-oldrel-osx-x86_64 1.0.2 NOTE
r-oldrel-windows-ix86+x86_64 1.0.2 164.00 542.00 706.00 NOTE

Check Details

Version: 1.0.2
Check: installed package size
Result: NOTE
     installed size is 6.0Mb
     sub-directories of 1Mb or more:
     R 1.8Mb
     doc 2.5Mb
Flavors: r-devel-linux-x86_64-fedora-clang, r-devel-windows-ix86+x86_64, r-patched-solaris-x86, r-release-osx-x86_64, r-release-windows-ix86+x86_64, r-oldrel-osx-x86_64, r-oldrel-windows-ix86+x86_64