CRAN Package Check Results for Package hoardeR

Last updated on 2021-04-15 09:50:01 CEST.

Flavor Version Tinstall Tcheck Ttotal Status Flags
r-devel-linux-x86_64-debian-clang 0.9.4-2 28.00 250.52 278.52 OK
r-devel-linux-x86_64-debian-gcc 0.9.4-2 24.96 188.73 213.69 OK
r-devel-linux-x86_64-fedora-clang 0.9.4-2 359.95 NOTE
r-devel-linux-x86_64-fedora-gcc 0.9.4-2 346.21 NOTE
r-devel-windows-ix86+x86_64 0.9.4-2 66.00 282.00 348.00 OK
r-devel-windows-x86_64-gcc10-UCRT 0.9.4-2 ERROR
r-patched-linux-x86_64 0.9.4-2 26.33 232.48 258.81 OK
r-patched-solaris-x86 0.9.4-2 469.80 NOTE
r-release-linux-x86_64 0.9.4-2 26.74 230.29 257.03 OK
r-release-macos-x86_64 0.9.4-2 ERROR
r-release-windows-ix86+x86_64 0.9.4-2 65.00 282.00 347.00 OK
r-oldrel-macos-x86_64 0.9.4-2 ERROR
r-oldrel-windows-ix86+x86_64 0.9.4-2 43.00 200.00 243.00 OK

Check Details

Version: 0.9.4-2
Check: dependencies in R code
Result: NOTE
    Namespaces in Imports field not imported from:
     ‘knitr’ ‘rmarkdown’
     All declared Imports should be used.
Flavors: r-devel-linux-x86_64-fedora-clang, r-devel-linux-x86_64-fedora-gcc, r-patched-solaris-x86

Version: 0.9.4-2
Check: package dependencies
Result: ERROR
    Packages required but not available: 'bamsignals', 'Rsamtools'
    
    See section 'The DESCRIPTION file' in the 'Writing R Extensions'
    manual.
Flavor: r-devel-windows-x86_64-gcc10-UCRT

Version: 0.9.4-2
Check: package dependencies
Result: ERROR
    Package required but not available: ‘bamsignals’
    
    See section ‘The DESCRIPTION file’ in the ‘Writing R Extensions’
    manual.
Flavor: r-release-macos-x86_64

Version: 0.9.4-2
Check: whether package can be installed
Result: ERROR
    Installation failed.
Flavor: r-oldrel-macos-x86_64