CRAN Package Check Results for Package hlidacr

Last updated on 2021-06-22 09:51:38 CEST.

Flavor Version Tinstall Tcheck Ttotal Status Flags
r-devel-linux-x86_64-debian-clang 0.1.3 2.59 30.52 33.11 NOTE
r-devel-linux-x86_64-debian-gcc 0.1.3 1.98 24.31 26.29 NOTE
r-devel-linux-x86_64-fedora-clang 0.1.3 52.29 NOTE
r-devel-linux-x86_64-fedora-gcc 0.1.3 39.61 NOTE
r-devel-windows-x86_64 0.1.3 4.00 35.00 39.00 NOTE
r-devel-windows-x86_64-gcc10-UCRT 0.1.3 ERROR
r-patched-linux-x86_64 0.1.3 2.59 30.00 32.59 NOTE
r-patched-solaris-x86 0.1.3 59.20 NOTE
r-release-linux-x86_64 0.1.3 2.08 29.76 31.84 NOTE
r-release-macos-arm64 0.1.3 NOTE
r-release-macos-x86_64 0.1.3 ERROR
r-release-windows-ix86+x86_64 0.1.3 7.00 52.00 59.00 NOTE
r-oldrel-macos-x86_64 0.1.3 OK

Check Details

Version: 0.1.3
Check: LazyData
Result: NOTE
     'LazyData' is specified without a 'data' directory
Flavors: r-devel-linux-x86_64-debian-clang, r-devel-linux-x86_64-debian-gcc, r-devel-linux-x86_64-fedora-clang, r-devel-linux-x86_64-fedora-gcc, r-devel-windows-x86_64, r-patched-linux-x86_64, r-patched-solaris-x86, r-release-linux-x86_64, r-release-macos-arm64, r-release-macos-x86_64, r-release-windows-ix86+x86_64

Version: 0.1.3
Check: package dependencies
Result: ERROR
    Packages required but not available: 'httr', 'curl', 'usethis'
    
    Packages suggested but not available for checking: 'covr', 'vcr'
    
    See section 'The DESCRIPTION file' in the 'Writing R Extensions'
    manual.
Flavor: r-devel-windows-x86_64-gcc10-UCRT

Version: 0.1.3
Check: tests
Result: ERROR
     Running ‘testthat.R’ [1s/1s]
    Running the tests in ‘tests/testthat.R’ failed.
    Complete output:
     > library(testthat)
     > library(hlidacr)
     >
     > test_check("hlidacr")
     Error: No root directory found in /Volumes/Builds/packages/high-sierra-x86_64/results/4.1/hlidacr.Rcheck/tests/testthat or its parent directories. Root criterion: contains a file "DESCRIPTION" with contents matching "^Package: "
     Execution halted
Flavor: r-release-macos-x86_64