CRAN Package Check Results for Package hkex.api

Last updated on 2021-04-15 09:50:01 CEST.

Flavor Version Tinstall Tcheck Ttotal Status Flags
r-devel-linux-x86_64-debian-clang 0.1 3.98 35.08 39.06 NOTE
r-devel-linux-x86_64-debian-gcc 0.1 3.05 27.94 30.99 NOTE
r-devel-linux-x86_64-fedora-clang 0.1 56.25 NOTE
r-devel-linux-x86_64-fedora-gcc 0.1 46.88 NOTE
r-devel-windows-ix86+x86_64 0.1 8.00 58.00 66.00 NOTE
r-devel-windows-x86_64-gcc10-UCRT 0.1 NOTE
r-patched-linux-x86_64 0.1 3.93 33.45 37.38 OK
r-patched-solaris-x86 0.1 74.20 OK
r-release-linux-x86_64 0.1 3.12 33.32 36.44 OK
r-release-macos-x86_64 0.1 OK
r-release-windows-ix86+x86_64 0.1 17.00 53.00 70.00 OK
r-oldrel-macos-x86_64 0.1 OK
r-oldrel-windows-ix86+x86_64 0.1 7.00 37.00 44.00 OK

Check Details

Version: 0.1
Check: LazyData
Result: NOTE
     'LazyData' is specified without a 'data' directory
Flavors: r-devel-linux-x86_64-debian-clang, r-devel-linux-x86_64-debian-gcc, r-devel-linux-x86_64-fedora-clang, r-devel-linux-x86_64-fedora-gcc, r-devel-windows-ix86+x86_64, r-devel-windows-x86_64-gcc10-UCRT