CRAN Package Check Results for Package histry

Last updated on 2021-06-22 09:51:38 CEST.

Flavor Version Tinstall Tcheck Ttotal Status Flags
r-devel-linux-x86_64-debian-clang 0.2.4 7.95 65.79 73.74 OK
r-devel-linux-x86_64-debian-gcc 0.2.4 6.79 51.60 58.39 OK
r-devel-linux-x86_64-fedora-clang 0.2.4 102.68 OK
r-devel-linux-x86_64-fedora-gcc 0.2.4 89.01 OK
r-devel-windows-x86_64 0.2.4 15.00 64.00 79.00 OK
r-devel-windows-x86_64-gcc10-UCRT 0.2.4 OK
r-patched-linux-x86_64 0.2.4 7.89 65.06 72.95 OK
r-patched-solaris-x86 0.2.4 147.30 NOTE
r-release-linux-x86_64 0.2.4 7.27 64.99 72.26 OK
r-release-macos-arm64 0.2.4 OK
r-release-macos-x86_64 0.2.4 OK
r-release-windows-ix86+x86_64 0.2.4 19.00 96.00 115.00 OK
r-oldrel-macos-x86_64 0.2.4 OK

Check Details

Version: 0.2.4
Check: package dependencies
Result: NOTE
    Package suggested but not available for checking: ‘trackr’
Flavor: r-patched-solaris-x86