CRAN Package Check Results for Package hisse

Last updated on 2020-05-29 17:49:07 CEST.

Flavor Version Tinstall Tcheck Ttotal Status Flags
r-devel-linux-x86_64-debian-clang 1.9.6 50.05 292.31 342.36 WARN
r-devel-linux-x86_64-debian-gcc 1.9.6 41.58 216.32 257.90 WARN
r-devel-linux-x86_64-fedora-clang 1.9.6 403.71 WARN
r-devel-linux-x86_64-fedora-gcc 1.9.6 455.20 WARN
r-devel-windows-ix86+x86_64 1.9.6 135.00 400.00 535.00 WARN
r-patched-linux-x86_64 1.9.6 48.84 294.09 342.93 OK
r-patched-solaris-x86 1.9.6 503.30 OK
r-release-linux-x86_64 1.9.6 47.18 298.20 345.38 OK
r-release-osx-x86_64 1.9.6 OK
r-release-windows-ix86+x86_64 1.9.6 109.00 451.00 560.00 OK
r-oldrel-osx-x86_64 1.9.6 OK
r-oldrel-windows-ix86+x86_64 1.9.6 106.00 281.00 387.00 OK

Check Details

Version: 1.9.6
Check: whether package can be installed
Result: WARN
    Found the following significant warnings:
     Warning: S4 exports specified in 'NAMESPACE' but not defined in package 'hisse'
Flavors: r-devel-linux-x86_64-debian-clang, r-devel-windows-ix86+x86_64

Version: 1.9.6
Check: whether the namespace can be loaded with stated dependencies
Result: NOTE
    Warning: S4 exports specified in 'NAMESPACE' but not defined in package 'hisse'
    
    A namespace must be able to be loaded with just the base namespace
    loaded: otherwise if the namespace gets loaded by a saved object, the
    session will be unable to start.
    
    Probably some imports need to be declared in the NAMESPACE file.
Flavors: r-devel-linux-x86_64-debian-clang, r-devel-windows-ix86+x86_64, r-devel-windows-ix86+x86_64

Version: 1.9.6
Check: whether the namespace can be loaded with stated dependencies
Result: WARN
    Warning: S4 exports specified in 'NAMESPACE' but not defined in package ‘hisse’
Flavors: r-devel-linux-x86_64-debian-gcc, r-devel-linux-x86_64-fedora-clang, r-devel-linux-x86_64-fedora-gcc