CRAN Package Check Results for Package hisse

Last updated on 2020-07-06 21:50:28 CEST.

Flavor Version Tinstall Tcheck Ttotal Status Flags
r-devel-linux-x86_64-debian-clang 1.9.8 47.95 291.34 339.29 OK
r-devel-linux-x86_64-debian-gcc 1.9.8 43.57 216.40 259.97 OK
r-devel-linux-x86_64-fedora-clang 1.9.8 411.55 OK
r-devel-linux-x86_64-fedora-gcc 1.9.8 423.59 OK
r-devel-windows-ix86+x86_64 1.9.8 142.00 388.00 530.00 NOTE
r-patched-linux-x86_64 1.9.8 47.53 294.38 341.91 OK
r-patched-solaris-x86 1.9.8 572.20 NOTE
r-release-linux-x86_64 1.9.8 46.74 300.32 347.06 OK
r-release-osx-x86_64 1.9.8 OK
r-release-windows-ix86+x86_64 1.9.8 101.00 277.00 378.00 NOTE
r-oldrel-osx-x86_64 1.9.8 OK
r-oldrel-windows-ix86+x86_64 1.9.8 125.00 402.00 527.00 OK

Check Details

Version: 1.9.8
Check: installed package size
Result: NOTE
     installed size is 5.0Mb
     sub-directories of 1Mb or more:
     doc 1.8Mb
     extdata 1.2Mb
Flavors: r-devel-windows-ix86+x86_64, r-patched-solaris-x86, r-release-windows-ix86+x86_64