CRAN Package Check Results for Package highSCREEN

Last updated on 2020-02-21 17:47:48 CET.

Flavor Version Tinstall Tcheck Ttotal Status Flags
r-devel-linux-x86_64-debian-clang 0.3 2.78 34.79 37.57 OK
r-devel-linux-x86_64-debian-gcc 0.3 2.27 27.24 29.51 OK
r-devel-linux-x86_64-fedora-clang 0.3 47.27 WARN
r-devel-linux-x86_64-fedora-gcc 0.3 46.46 OK
r-devel-windows-ix86+x86_64 0.3 5.00 44.00 49.00 OK
r-devel-windows-ix86+x86_64-gcc8 0.3 8.00 65.00 73.00 OK
r-patched-linux-x86_64 0.3 2.03 31.54 33.57 OK
r-patched-solaris-x86 0.3 62.20 OK
r-release-linux-x86_64 0.3 2.11 31.36 33.47 OK
r-release-windows-ix86+x86_64 0.3 5.00 53.00 58.00 OK
r-release-osx-x86_64 0.3 OK
r-oldrel-windows-ix86+x86_64 0.3 3.00 46.00 49.00 OK
r-oldrel-osx-x86_64 0.3 OK

Check Details

Version: 0.3
Check: package dependencies
Result: WARN
    Requires orphaned package: ‘gplots’
Flavor: r-devel-linux-x86_64-fedora-clang