CRAN Package Check Results for Package hiertest

Last updated on 2020-02-21 17:47:48 CET.

Flavor Version Tinstall Tcheck Ttotal Status Flags
r-devel-linux-x86_64-debian-clang 1.1 1.81 19.09 20.90 NOTE
r-devel-linux-x86_64-debian-gcc 1.1 1.71 15.07 16.78 NOTE
r-devel-linux-x86_64-fedora-clang 1.1 26.51 NOTE
r-devel-linux-x86_64-fedora-gcc 1.1 25.09 NOTE
r-devel-windows-ix86+x86_64 1.1 5.00 28.00 33.00 NOTE
r-devel-windows-ix86+x86_64-gcc8 1.1 7.00 39.00 46.00 NOTE
r-patched-linux-x86_64 1.1 1.50 16.94 18.44 NOTE
r-patched-solaris-x86 1.1 37.60 NOTE
r-release-linux-x86_64 1.1 1.66 17.04 18.70 NOTE
r-release-windows-ix86+x86_64 1.1 4.00 36.00 40.00 NOTE
r-release-osx-x86_64 1.1 NOTE
r-oldrel-windows-ix86+x86_64 1.1 2.00 26.00 28.00 NOTE
r-oldrel-osx-x86_64 1.1 NOTE

Check Details

Version: 1.1
Check: R code for possible problems
Result: NOTE
    compute.contrasts: no visible binding for global variable 'sd'
    compute.contrasts: no visible global function definition for 'cor'
    compute.contrasts: no visible global function definition for 'sd'
    plot.estfdr: no visible global function definition for 'plot'
    plot.hiertest: no visible global function definition for 'plot'
    plot.hiertest: no visible global function definition for 'legend'
    Undefined global functions or variables:
     cor legend plot sd
    Consider adding
     importFrom("graphics", "legend", "plot")
     importFrom("stats", "cor", "sd")
    to your NAMESPACE file.
Flavors: r-devel-linux-x86_64-debian-clang, r-devel-linux-x86_64-debian-gcc, r-devel-linux-x86_64-fedora-clang, r-devel-linux-x86_64-fedora-gcc, r-devel-windows-ix86+x86_64, r-devel-windows-ix86+x86_64-gcc8, r-patched-linux-x86_64, r-patched-solaris-x86, r-release-linux-x86_64, r-release-windows-ix86+x86_64, r-release-osx-x86_64, r-oldrel-windows-ix86+x86_64, r-oldrel-osx-x86_64