CRAN Package Check Results for Package hiertest

Last updated on 2020-07-06 21:50:28 CEST.

Flavor Version Tinstall Tcheck Ttotal Status Flags
r-devel-linux-x86_64-debian-clang 1.1 2.06 19.40 21.46 NOTE
r-devel-linux-x86_64-debian-gcc 1.1 1.62 15.51 17.13 NOTE
r-devel-linux-x86_64-fedora-clang 1.1 34.53 NOTE
r-devel-linux-x86_64-fedora-gcc 1.1 25.02 NOTE
r-devel-windows-ix86+x86_64 1.1 8.00 37.00 45.00 NOTE
r-patched-linux-x86_64 1.1 2.10 19.09 21.19 NOTE
r-patched-solaris-x86 1.1 38.50 NOTE
r-release-linux-x86_64 1.1 2.24 19.19 21.43 NOTE
r-release-osx-x86_64 1.1 NOTE
r-release-windows-ix86+x86_64 1.1 5.00 27.00 32.00 NOTE
r-oldrel-osx-x86_64 1.1 NOTE
r-oldrel-windows-ix86+x86_64 1.1 4.00 36.00 40.00 NOTE

Check Details

Version: 1.1
Check: R code for possible problems
Result: NOTE
    compute.contrasts: no visible binding for global variable 'sd'
    compute.contrasts: no visible global function definition for 'cor'
    compute.contrasts: no visible global function definition for 'sd'
    plot.hiertest: no visible global function definition for 'legend'
    Undefined global functions or variables:
     cor legend sd
    Consider adding
     importFrom("graphics", "legend")
     importFrom("stats", "cor", "sd")
    to your NAMESPACE file.
Flavors: r-devel-linux-x86_64-debian-clang, r-devel-linux-x86_64-debian-gcc, r-devel-linux-x86_64-fedora-clang, r-devel-linux-x86_64-fedora-gcc, r-devel-windows-ix86+x86_64, r-patched-linux-x86_64, r-patched-solaris-x86, r-release-linux-x86_64, r-release-osx-x86_64, r-release-windows-ix86+x86_64

Version: 1.1
Check: R code for possible problems
Result: NOTE
    compute.contrasts: no visible binding for global variable ‘sd’
    compute.contrasts: no visible global function definition for ‘cor’
    compute.contrasts: no visible global function definition for ‘sd’
    plot.estfdr: no visible global function definition for ‘plot’
    plot.hiertest: no visible global function definition for ‘plot’
    plot.hiertest: no visible global function definition for ‘legend’
    Undefined global functions or variables:
     cor legend plot sd
    Consider adding
     importFrom("graphics", "legend", "plot")
     importFrom("stats", "cor", "sd")
    to your NAMESPACE file.
Flavors: r-oldrel-osx-x86_64, r-oldrel-windows-ix86+x86_64