CRAN Package Check Results for Package hierDiversity

Last updated on 2020-02-21 17:47:48 CET.

Flavor Version Tinstall Tcheck Ttotal Status Flags
r-devel-linux-x86_64-debian-clang 0.1 2.16 33.68 35.84 NOTE
r-devel-linux-x86_64-debian-gcc 0.1 1.86 26.67 28.53 NOTE
r-devel-linux-x86_64-fedora-clang 0.1 43.80 NOTE
r-devel-linux-x86_64-fedora-gcc 0.1 42.69 NOTE
r-devel-windows-ix86+x86_64 0.1 5.00 43.00 48.00 NOTE
r-devel-windows-ix86+x86_64-gcc8 0.1 6.00 59.00 65.00 NOTE
r-patched-linux-x86_64 0.1 1.75 31.37 33.12 NOTE
r-patched-solaris-x86 0.1 56.80 NOTE
r-release-linux-x86_64 0.1 1.43 30.68 32.11 NOTE
r-release-windows-ix86+x86_64 0.1 4.00 54.00 58.00 NOTE
r-release-osx-x86_64 0.1 NOTE
r-oldrel-windows-ix86+x86_64 0.1 3.00 38.00 41.00 NOTE
r-oldrel-osx-x86_64 0.1 NOTE

Check Details

Version: 0.1
Check: R code for possible problems
Result: NOTE
    booties: no visible binding for global variable 'sd'
    booties: no visible binding for global variable 'quantile'
    hierDiversity: no visible global function definition for
     'txtProgressBar'
    hierDiversity: no visible global function definition for
     'setTxtProgressBar'
    Undefined global functions or variables:
     quantile sd setTxtProgressBar txtProgressBar
    Consider adding
     importFrom("stats", "quantile", "sd")
     importFrom("utils", "setTxtProgressBar", "txtProgressBar")
    to your NAMESPACE file.
Flavors: r-devel-linux-x86_64-debian-clang, r-devel-linux-x86_64-debian-gcc, r-devel-linux-x86_64-fedora-clang, r-devel-linux-x86_64-fedora-gcc, r-devel-windows-ix86+x86_64, r-devel-windows-ix86+x86_64-gcc8, r-patched-linux-x86_64, r-patched-solaris-x86, r-release-linux-x86_64, r-release-windows-ix86+x86_64, r-release-osx-x86_64, r-oldrel-windows-ix86+x86_64, r-oldrel-osx-x86_64