CRAN Package Check Results for Package hierDiversity

Last updated on 2020-07-06 21:50:28 CEST.

Flavor Version Tinstall Tcheck Ttotal Status Flags
r-devel-linux-x86_64-debian-clang 0.1 2.00 34.29 36.29 NOTE
r-devel-linux-x86_64-debian-gcc 0.1 1.58 24.79 26.37 NOTE
r-devel-linux-x86_64-fedora-clang 0.1 50.80 NOTE
r-devel-linux-x86_64-fedora-gcc 0.1 40.64 NOTE
r-devel-windows-ix86+x86_64 0.1 8.00 55.00 63.00 NOTE
r-patched-linux-x86_64 0.1 2.21 33.08 35.29 NOTE
r-patched-solaris-x86 0.1 58.60 NOTE
r-release-linux-x86_64 0.1 1.90 34.37 36.27 NOTE
r-release-osx-x86_64 0.1 NOTE
r-release-windows-ix86+x86_64 0.1 5.00 38.00 43.00 NOTE
r-oldrel-osx-x86_64 0.1 NOTE
r-oldrel-windows-ix86+x86_64 0.1 4.00 54.00 58.00 NOTE

Check Details

Version: 0.1
Check: R code for possible problems
Result: NOTE
    booties: no visible binding for global variable 'sd'
    booties: no visible binding for global variable 'quantile'
    hierDiversity: no visible global function definition for
     'txtProgressBar'
    hierDiversity: no visible global function definition for
     'setTxtProgressBar'
    Undefined global functions or variables:
     quantile sd setTxtProgressBar txtProgressBar
    Consider adding
     importFrom("stats", "quantile", "sd")
     importFrom("utils", "setTxtProgressBar", "txtProgressBar")
    to your NAMESPACE file.
Flavors: r-devel-linux-x86_64-debian-clang, r-devel-linux-x86_64-debian-gcc, r-devel-linux-x86_64-fedora-clang, r-devel-linux-x86_64-fedora-gcc, r-devel-windows-ix86+x86_64, r-patched-linux-x86_64, r-patched-solaris-x86, r-release-linux-x86_64, r-release-osx-x86_64, r-release-windows-ix86+x86_64, r-oldrel-osx-x86_64, r-oldrel-windows-ix86+x86_64

Version: 0.1
Check: Rd cross-references
Result: NOTE
    Undeclared package ‘vegetarian’ in Rd xrefs
Flavor: r-devel-linux-x86_64-fedora-clang