CRAN Package Check Results for Package heemod

Last updated on 2021-04-15 09:50:01 CEST.

Flavor Version Tinstall Tcheck Ttotal Status Flags
r-devel-linux-x86_64-debian-clang 0.14.2 13.33 493.38 506.71 NOTE
r-devel-linux-x86_64-debian-gcc 0.14.2 11.04 351.77 362.81 NOTE
r-devel-linux-x86_64-fedora-clang 0.14.2 559.69 NOTE
r-devel-linux-x86_64-fedora-gcc 0.14.2 560.90 NOTE
r-devel-windows-ix86+x86_64 0.14.2 29.00 561.00 590.00 NOTE
r-devel-windows-x86_64-gcc10-UCRT 0.14.2 NOTE
r-patched-linux-x86_64 0.14.2 11.84 475.34 487.18 OK
r-patched-solaris-x86 0.14.2 701.80 OK
r-release-linux-x86_64 0.14.2 11.75 473.84 485.59 OK
r-release-macos-x86_64 0.14.2 OK
r-release-windows-ix86+x86_64 0.14.2 41.00 597.00 638.00 OK
r-oldrel-macos-x86_64 0.14.2 OK
r-oldrel-windows-ix86+x86_64 0.14.2 25.00 409.00 434.00 OK

Check Details

Version: 0.14.2
Check: LazyData
Result: NOTE
     'LazyData' is specified without a 'data' directory
Flavors: r-devel-linux-x86_64-debian-clang, r-devel-linux-x86_64-debian-gcc, r-devel-linux-x86_64-fedora-clang, r-devel-linux-x86_64-fedora-gcc, r-devel-windows-ix86+x86_64, r-devel-windows-x86_64-gcc10-UCRT