CRAN Package Check Results for Package hdme

Last updated on 2021-06-22 09:51:38 CEST.

Flavor Version Tinstall Tcheck Ttotal Status Flags
r-devel-linux-x86_64-debian-clang 0.3.3 32.26 203.52 235.78 NOTE
r-devel-linux-x86_64-debian-gcc 0.3.3 22.29 151.79 174.08 NOTE
r-devel-linux-x86_64-fedora-clang 0.3.3 304.44 NOTE
r-devel-linux-x86_64-fedora-gcc 0.3.3 283.61 NOTE
r-devel-windows-x86_64 0.3.3 39.00 195.00 234.00 NOTE
r-devel-windows-x86_64-gcc10-UCRT 0.3.3 NOTE
r-patched-linux-x86_64 0.3.3 26.15 197.96 224.11 NOTE
r-patched-solaris-x86 0.3.3 400.90 NOTE
r-release-linux-x86_64 0.3.3 25.28 195.34 220.62 NOTE
r-release-macos-arm64 0.3.3 NOTE
r-release-macos-x86_64 0.3.3 NOTE
r-release-windows-ix86+x86_64 0.3.3 69.00 403.00 472.00 NOTE
r-oldrel-macos-x86_64 0.3.3 OK

Check Details

Version: 0.3.3
Check: LazyData
Result: NOTE
     'LazyData' is specified without a 'data' directory
Flavors: r-devel-linux-x86_64-debian-clang, r-devel-linux-x86_64-debian-gcc, r-devel-linux-x86_64-fedora-clang, r-devel-linux-x86_64-fedora-gcc, r-devel-windows-x86_64, r-devel-windows-x86_64-gcc10-UCRT, r-patched-linux-x86_64, r-patched-solaris-x86, r-release-linux-x86_64, r-release-macos-arm64, r-release-macos-x86_64, r-release-windows-ix86+x86_64

Version: 0.3.3
Check: package dependencies
Result: NOTE
    Package suggested but not available for checking: 'covr'
Flavor: r-devel-windows-x86_64-gcc10-UCRT