CRAN Package Check Results for Package hdlm

Last updated on 2021-04-15 09:50:01 CEST.

Flavor Version Tinstall Tcheck Ttotal Status Flags
r-devel-linux-x86_64-debian-clang 1.3.1 9.82 103.76 113.58 OK
r-devel-linux-x86_64-debian-gcc 1.3.1 8.59 80.21 88.80 OK
r-devel-linux-x86_64-fedora-clang 1.3.1 147.91 NOTE
r-devel-linux-x86_64-fedora-gcc 1.3.1 142.58 NOTE
r-devel-windows-ix86+x86_64 1.3.1 28.00 165.00 193.00 OK
r-devel-windows-x86_64-gcc10-UCRT 1.3.1 OK
r-patched-linux-x86_64 1.3.1 10.17 99.43 109.60 OK
r-patched-solaris-x86 1.3.1 199.40 OK
r-release-linux-x86_64 1.3.1 8.85 97.87 106.72 OK
r-release-macos-x86_64 1.3.1 OK
r-release-windows-ix86+x86_64 1.3.1 25.00 151.00 176.00 OK
r-oldrel-macos-x86_64 1.3.1 OK
r-oldrel-windows-ix86+x86_64 1.3.1 23.00 109.00 132.00 OK

Check Details

Version: 1.3.1
Check: compiled code
Result: NOTE
    File ‘hdlm/libs/hdlm.so’:
     Found no calls to: ‘R_registerRoutines’, ‘R_useDynamicSymbols’
    
    It is good practice to register native routines and to disable symbol
    search.
    
    See ‘Writing portable packages’ in the ‘Writing R Extensions’ manual.
Flavors: r-devel-linux-x86_64-fedora-clang, r-devel-linux-x86_64-fedora-gcc