CRAN Package Check Results for Package hbm

Last updated on 2020-03-30 20:48:29 CEST.

Flavor Version Tinstall Tcheck Ttotal Status Flags
r-devel-linux-x86_64-debian-clang 1.0 7.24 58.17 65.41 NOTE
r-devel-linux-x86_64-debian-gcc 1.0 6.55 47.08 53.63 NOTE
r-devel-linux-x86_64-fedora-clang 1.0 79.69 NOTE
r-devel-linux-x86_64-fedora-gcc 1.0 81.30 NOTE
r-devel-windows-ix86+x86_64 1.0 15.00 65.00 80.00 NOTE
r-devel-windows-ix86+x86_64-gcc8 1.0 13.00 73.00 86.00 NOTE
r-patched-linux-x86_64 1.0 7.93 56.08 64.01 NOTE
r-patched-solaris-x86 1.0 126.00 NOTE
r-release-linux-x86_64 1.0 6.56 51.82 58.38 NOTE
r-release-windows-ix86+x86_64 1.0 16.00 89.00 105.00 NOTE
r-release-osx-x86_64 1.0 NOTE
r-oldrel-windows-ix86+x86_64 1.0 10.00 88.00 98.00 NOTE
r-oldrel-osx-x86_64 1.0 NOTE

Check Details

Version: 1.0
Check: R code for possible problems
Result: NOTE
    detect.movement: no visible global function definition for 't.test'
    generate.random.conf: no visible global function definition for 'rnorm'
    Undefined global functions or variables:
     rnorm t.test
    Consider adding
     importFrom("stats", "rnorm", "t.test")
    to your NAMESPACE file.
Flavors: r-devel-linux-x86_64-debian-clang, r-devel-linux-x86_64-debian-gcc, r-devel-linux-x86_64-fedora-clang, r-devel-linux-x86_64-fedora-gcc, r-devel-windows-ix86+x86_64, r-devel-windows-ix86+x86_64-gcc8, r-patched-linux-x86_64, r-patched-solaris-x86, r-release-linux-x86_64, r-release-windows-ix86+x86_64, r-release-osx-x86_64, r-oldrel-windows-ix86+x86_64, r-oldrel-osx-x86_64