CRAN Package Check Results for Package hash

Last updated on 2020-02-27 17:50:57 CET.

Flavor Version Tinstall Tcheck Ttotal Status Flags
r-devel-linux-x86_64-debian-clang 2.2.6.1 3.38 26.14 29.52 NOTE
r-devel-linux-x86_64-debian-gcc 2.2.6.1 2.65 21.13 23.78 NOTE
r-devel-linux-x86_64-fedora-clang 2.2.6.1 36.83 NOTE
r-devel-linux-x86_64-fedora-gcc 2.2.6.1 35.73 NOTE
r-devel-windows-ix86+x86_64 2.2.6.1 9.00 41.00 50.00 NOTE
r-devel-windows-ix86+x86_64-gcc8 2.2.6.1 8.00 39.00 47.00 NOTE
r-patched-linux-x86_64 2.2.6.1 2.15 23.69 25.84 NOTE
r-patched-solaris-x86 2.2.6.1 54.20 NOTE
r-release-linux-x86_64 2.2.6.1 2.11 23.74 25.85 NOTE
r-release-windows-ix86+x86_64 2.2.6.1 6.00 40.00 46.00 NOTE
r-release-osx-x86_64 2.2.6.1 NOTE
r-oldrel-windows-ix86+x86_64 2.2.6.1 4.00 38.00 42.00 NOTE
r-oldrel-osx-x86_64 2.2.6.1 NOTE

Check Details

Version: 2.2.6.1
Check: top-level files
Result: NOTE
    File
     LICENSE
    is not mentioned in the DESCRIPTION file.
    Non-standard file/directory found at top level:
     'dev'
Flavors: r-devel-linux-x86_64-debian-clang, r-devel-linux-x86_64-debian-gcc, r-devel-linux-x86_64-fedora-clang, r-devel-linux-x86_64-fedora-gcc, r-patched-linux-x86_64, r-release-linux-x86_64

Version: 2.2.6.1
Check: top-level files
Result: NOTE
    File
     LICENSE
    is not mentioned in the DESCRIPTION file.
Flavors: r-devel-windows-ix86+x86_64, r-devel-windows-ix86+x86_64-gcc8, r-patched-solaris-x86, r-release-windows-ix86+x86_64, r-release-osx-x86_64, r-oldrel-windows-ix86+x86_64, r-oldrel-osx-x86_64