CRAN Package Check Results for Package gwfa

Last updated on 2020-05-29 17:49:06 CEST.

Flavor Version Tinstall Tcheck Ttotal Status Flags
r-devel-linux-x86_64-debian-clang 0.0.4 21.86 36.92 58.78 OK
r-devel-linux-x86_64-debian-gcc 0.0.4 16.13 29.00 45.13 OK
r-devel-linux-x86_64-fedora-clang 0.0.4 77.21 NOTE
r-devel-linux-x86_64-fedora-gcc 0.0.4 72.22 NOTE
r-devel-windows-ix86+x86_64 0.0.4 54.00 94.00 148.00 OK
r-patched-linux-x86_64 0.0.4 17.73 36.41 54.14 OK
r-patched-solaris-x86 0.0.4 95.70 OK
r-release-linux-x86_64 0.0.4 20.64 35.95 56.59 OK
r-release-osx-x86_64 0.0.4 OK
r-release-windows-ix86+x86_64 0.0.4 44.00 95.00 139.00 OK
r-oldrel-osx-x86_64 0.0.4 OK
r-oldrel-windows-ix86+x86_64 0.0.4 58.00 70.00 128.00 OK

Check Details

Version: 0.0.4
Check: compiled code
Result: NOTE
    File ‘gwfa/libs/gwfa.so’:
     Found no calls to: ‘R_registerRoutines’, ‘R_useDynamicSymbols’
    
    It is good practice to register native routines and to disable symbol
    search.
    
    See ‘Writing portable packages’ in the ‘Writing R Extensions’ manual.
Flavors: r-devel-linux-x86_64-fedora-clang, r-devel-linux-x86_64-fedora-gcc