CRAN Package Check Results for Package gt

Last updated on 2021-04-15 09:50:01 CEST.

Flavor Version Tinstall Tcheck Ttotal Status Flags
r-devel-linux-x86_64-debian-clang 0.2.2 14.41 266.07 280.48 OK
r-devel-linux-x86_64-debian-gcc 0.2.2 11.79 203.24 215.03 OK
r-devel-linux-x86_64-fedora-clang 0.2.2 330.97 NOTE
r-devel-linux-x86_64-fedora-gcc 0.2.2 328.23 NOTE
r-devel-windows-ix86+x86_64 0.2.2 31.00 314.00 345.00 NOTE
r-devel-windows-x86_64-gcc10-UCRT 0.2.2 NOTE
r-patched-linux-x86_64 0.2.2 14.49 270.56 285.05 OK
r-patched-solaris-x86 0.2.2 418.80 NOTE
r-release-linux-x86_64 0.2.2 14.38 267.90 282.28 OK
r-release-macos-x86_64 0.2.2 NOTE
r-release-windows-ix86+x86_64 0.2.2 41.00 333.00 374.00 NOTE
r-oldrel-macos-x86_64 0.2.2 NOTE
r-oldrel-windows-ix86+x86_64 0.2.2 26.00 218.00 244.00 NOTE

Check Details

Version: 0.2.2
Check: installed package size
Result: NOTE
     installed size is 6.1Mb
     sub-directories of 1Mb or more:
     help 4.0Mb
Flavors: r-devel-linux-x86_64-fedora-clang, r-devel-windows-ix86+x86_64, r-patched-solaris-x86, r-release-macos-x86_64, r-release-windows-ix86+x86_64, r-oldrel-macos-x86_64, r-oldrel-windows-ix86+x86_64

Version: 0.2.2
Check: data for non-ASCII characters
Result: NOTE
     Note: found 116 marked UTF-8 strings
Flavors: r-devel-linux-x86_64-fedora-clang, r-devel-linux-x86_64-fedora-gcc, r-devel-windows-x86_64-gcc10-UCRT, r-patched-solaris-x86, r-release-macos-x86_64, r-oldrel-macos-x86_64