CRAN Package Check Results for Package gsmoothr

Last updated on 2020-07-06 21:50:28 CEST.

Flavor Version Tinstall Tcheck Ttotal Status Flags
r-devel-linux-x86_64-debian-clang 0.1.7 2.46 20.47 22.93 NOTE
r-devel-linux-x86_64-debian-gcc 0.1.7 1.93 17.14 19.07 NOTE
r-devel-linux-x86_64-fedora-clang 0.1.7 36.93 NOTE
r-devel-linux-x86_64-fedora-gcc 0.1.7 27.24 NOTE
r-devel-windows-ix86+x86_64 0.1.7 12.00 59.00 71.00 NOTE
r-patched-linux-x86_64 0.1.7 2.27 20.52 22.79 NOTE
r-patched-solaris-x86 0.1.7 42.40 NOTE
r-release-linux-x86_64 0.1.7 2.33 20.48 22.81 NOTE
r-release-osx-x86_64 0.1.7 NOTE
r-release-windows-ix86+x86_64 0.1.7 8.00 37.00 45.00 NOTE
r-oldrel-osx-x86_64 0.1.7 NOTE
r-oldrel-windows-ix86+x86_64 0.1.7 8.00 48.00 56.00 NOTE

Check Details

Version: 0.1.7
Check: DESCRIPTION meta-information
Result: NOTE
    Malformed Description field: should contain one or more complete sentences.
Flavors: r-devel-linux-x86_64-debian-clang, r-devel-linux-x86_64-debian-gcc, r-devel-linux-x86_64-fedora-clang, r-devel-linux-x86_64-fedora-gcc, r-devel-windows-ix86+x86_64, r-patched-linux-x86_64, r-patched-solaris-x86, r-release-linux-x86_64, r-release-osx-x86_64, r-release-windows-ix86+x86_64, r-oldrel-osx-x86_64, r-oldrel-windows-ix86+x86_64

Version: 0.1.7
Check: compiled code
Result: NOTE
    File ‘gsmoothr/libs/gsmoothr.so’:
     Found no call to: ‘R_useDynamicSymbols’
    
    It is good practice to register native routines and to disable symbol
    search.
    
    See ‘Writing portable packages’ in the ‘Writing R Extensions’ manual.
Flavors: r-devel-linux-x86_64-fedora-clang, r-devel-linux-x86_64-fedora-gcc