CRAN Package Check Results for Package groupICA

Last updated on 2021-04-15 09:50:01 CEST.

Flavor Version Tinstall Tcheck Ttotal Status Flags
r-devel-linux-x86_64-debian-clang 0.1.1 2.14 23.73 25.87 NOTE
r-devel-linux-x86_64-debian-gcc 0.1.1 1.60 18.61 20.21 NOTE
r-devel-linux-x86_64-fedora-clang 0.1.1 41.40 NOTE
r-devel-linux-x86_64-fedora-gcc 0.1.1 30.81 NOTE
r-devel-windows-ix86+x86_64 0.1.1 5.00 42.00 47.00 NOTE
r-devel-windows-x86_64-gcc10-UCRT 0.1.1 NOTE
r-patched-linux-x86_64 0.1.1 1.86 23.20 25.06 OK
r-patched-solaris-x86 0.1.1 47.40 OK
r-release-linux-x86_64 0.1.1 2.30 23.37 25.67 OK
r-release-macos-x86_64 0.1.1 OK
r-release-windows-ix86+x86_64 0.1.1 4.00 39.00 43.00 OK
r-oldrel-macos-x86_64 0.1.1 OK
r-oldrel-windows-ix86+x86_64 0.1.1 4.00 27.00 31.00 OK

Check Details

Version: 0.1.1
Check: LazyData
Result: NOTE
     'LazyData' is specified without a 'data' directory
Flavors: r-devel-linux-x86_64-debian-clang, r-devel-linux-x86_64-debian-gcc, r-devel-linux-x86_64-fedora-clang, r-devel-linux-x86_64-fedora-gcc, r-devel-windows-ix86+x86_64, r-devel-windows-x86_64-gcc10-UCRT