CRAN Package Check Results for Package groc

Last updated on 2020-03-30 20:48:29 CEST.

Flavor Version Tinstall Tcheck Ttotal Status Flags
r-devel-linux-x86_64-debian-clang 1.0.7 10.74 83.05 93.79 OK
r-devel-linux-x86_64-debian-gcc 1.0.7 9.31 65.87 75.18 OK
r-devel-linux-x86_64-fedora-clang 1.0.7 111.56 NOTE
r-devel-linux-x86_64-fedora-gcc 1.0.7 116.59 OK
r-devel-windows-ix86+x86_64 1.0.7 30.00 117.00 147.00 OK
r-devel-windows-ix86+x86_64-gcc8 1.0.7 24.00 129.00 153.00 OK
r-patched-linux-x86_64 1.0.7 10.60 78.91 89.51 OK
r-patched-solaris-x86 1.0.7 172.20 OK
r-release-linux-x86_64 1.0.7 10.23 72.23 82.46 OK
r-release-windows-ix86+x86_64 1.0.7 39.00 166.00 205.00 OK
r-release-osx-x86_64 1.0.7 OK
r-oldrel-windows-ix86+x86_64 1.0.7 27.00 157.00 184.00 OK
r-oldrel-osx-x86_64 1.0.7 OK

Additional issues

rchk

Check Details

Version: 1.0.7
Check: package dependencies
Result: NOTE
    Suggests orphaned package: ‘ppls’
Flavor: r-devel-linux-x86_64-fedora-clang