CRAN Package Check Results for Package grobblR

Last updated on 2021-06-20 09:49:51 CEST.

Flavor Version Tinstall Tcheck Ttotal Status Flags
r-devel-linux-x86_64-debian-clang 0.2.0 8.08 147.49 155.57 NOTE
r-devel-linux-x86_64-debian-gcc 0.2.0 7.29 111.19 118.48 NOTE
r-devel-linux-x86_64-fedora-clang 0.2.0 202.85 NOTE
r-devel-linux-x86_64-fedora-gcc 0.2.0 183.54 NOTE
r-devel-windows-x86_64 0.2.0 15.00 212.00 227.00 WARN
r-devel-windows-x86_64-gcc10-UCRT 0.2.0 NOTE
r-patched-linux-x86_64 0.2.0 7.72 141.77 149.49 NOTE
r-patched-solaris-x86 0.2.0 228.10 NOTE
r-release-linux-x86_64 0.2.0 9.06 140.36 149.42 NOTE
r-release-macos-arm64 0.2.0 NOTE
r-release-macos-x86_64 0.2.0 NOTE
r-release-windows-ix86+x86_64 0.2.0 15.00 213.00 228.00 WARN
r-oldrel-macos-x86_64 0.2.0 OK
r-oldrel-windows-ix86+x86_64 0.2.0 11.00 218.00 229.00 WARN

Check Details

Version: 0.2.0
Check: LazyData
Result: NOTE
     'LazyData' is specified without a 'data' directory
Flavors: r-devel-linux-x86_64-debian-clang, r-devel-linux-x86_64-debian-gcc, r-devel-linux-x86_64-fedora-clang, r-devel-linux-x86_64-fedora-gcc, r-devel-windows-x86_64, r-devel-windows-x86_64-gcc10-UCRT, r-patched-linux-x86_64, r-patched-solaris-x86, r-release-linux-x86_64, r-release-macos-arm64, r-release-macos-x86_64, r-release-windows-ix86+x86_64

Version: 0.2.0
Check: re-building of vignette outputs
Result: WARN
    Error(s) in re-building vignettes:
    --- re-building 'grob_layout.Rmd' using rmarkdown
    --- finished re-building 'grob_layout.Rmd'
    
    --- re-building 'grob_matrix.Rmd' using rmarkdown
    --- finished re-building 'grob_matrix.Rmd'
    
    --- re-building 'grobblR.Rmd' using rmarkdown
    Quitting from lines 260-278 (grobblR.Rmd)
    Error: processing vignette 'grobblR.Rmd' failed with diagnostics:
    The object passed through grob_image() must either be a ggplot object, an existing URL to a .png image or an existing local file path to a .png image.
    --- failed re-building 'grobblR.Rmd'
    
    SUMMARY: processing the following file failed:
     'grobblR.Rmd'
    
    Error: Vignette re-building failed.
    Execution halted
Flavors: r-devel-windows-x86_64, r-release-windows-ix86+x86_64, r-oldrel-windows-ix86+x86_64