CRAN Package Check Results for Package gripp

Last updated on 2021-06-22 09:51:37 CEST.

Flavor Version Tinstall Tcheck Ttotal Status Flags
r-devel-linux-x86_64-debian-clang 0.2.20 3.33 34.29 37.62 NOTE
r-devel-linux-x86_64-debian-gcc 0.2.20 2.81 27.38 30.19 NOTE
r-devel-linux-x86_64-fedora-clang 0.2.20 56.36 NOTE
r-devel-linux-x86_64-fedora-gcc 0.2.20 44.76 NOTE
r-devel-windows-x86_64 0.2.20 6.00 41.00 47.00 NOTE
r-devel-windows-x86_64-gcc10-UCRT 0.2.20 ERROR
r-patched-linux-x86_64 0.2.20 3.72 33.81 37.53 NOTE
r-patched-solaris-x86 0.2.20 68.70 NOTE
r-release-linux-x86_64 0.2.20 2.99 33.53 36.52 NOTE
r-release-macos-arm64 0.2.20 NOTE
r-release-macos-x86_64 0.2.20 NOTE
r-release-windows-ix86+x86_64 0.2.20 10.00 52.00 62.00 NOTE
r-oldrel-macos-x86_64 0.2.20 NOTE

Check Details

Version: 0.2.20
Check: LazyData
Result: NOTE
     'LazyData' is specified without a 'data' directory
Flavors: r-devel-linux-x86_64-debian-clang, r-devel-linux-x86_64-debian-gcc, r-devel-linux-x86_64-fedora-clang, r-devel-linux-x86_64-fedora-gcc, r-devel-windows-x86_64, r-patched-linux-x86_64, r-patched-solaris-x86, r-release-linux-x86_64, r-release-macos-arm64, r-release-macos-x86_64, r-release-windows-ix86+x86_64

Version: 0.2.20
Check: dependencies in R code
Result: NOTE
    Namespace in Imports field not imported from: ‘usethis’
     All declared Imports should be used.
Flavors: r-devel-linux-x86_64-fedora-clang, r-devel-linux-x86_64-fedora-gcc, r-patched-solaris-x86, r-release-macos-arm64, r-release-macos-x86_64, r-oldrel-macos-x86_64

Version: 0.2.20
Check: package dependencies
Result: ERROR
    Package required but not available: 'usethis'
    
    See section 'The DESCRIPTION file' in the 'Writing R Extensions'
    manual.
Flavor: r-devel-windows-x86_64-gcc10-UCRT