CRAN Package Check Results for Package gripp

Last updated on 2020-03-30 20:48:29 CEST.

Flavor Version Tinstall Tcheck Ttotal Status Flags
r-devel-linux-x86_64-debian-clang 0.2.20 3.94 33.12 37.06 OK
r-devel-linux-x86_64-debian-gcc 0.2.20 2.79 27.34 30.13 OK
r-devel-linux-x86_64-fedora-clang 0.2.20 44.71 NOTE
r-devel-linux-x86_64-fedora-gcc 0.2.20 44.96 NOTE
r-devel-windows-ix86+x86_64 0.2.20 11.00 48.00 59.00 OK
r-devel-windows-ix86+x86_64-gcc8 0.2.20 10.00 50.00 60.00 OK
r-patched-linux-x86_64 0.2.20 3.78 32.50 36.28 OK
r-patched-solaris-x86 0.2.20 72.90 NOTE
r-release-linux-x86_64 0.2.20 3.26 31.40 34.66 OK
r-release-windows-ix86+x86_64 0.2.20 10.00 71.00 81.00 OK
r-release-osx-x86_64 0.2.20 NOTE
r-oldrel-windows-ix86+x86_64 0.2.20 13.00 70.00 83.00 OK
r-oldrel-osx-x86_64 0.2.20 NOTE

Check Details

Version: 0.2.20
Check: dependencies in R code
Result: NOTE
    Namespace in Imports field not imported from: ‘usethis’
     All declared Imports should be used.
Flavors: r-devel-linux-x86_64-fedora-clang, r-devel-linux-x86_64-fedora-gcc, r-patched-solaris-x86, r-release-osx-x86_64, r-oldrel-osx-x86_64