CRAN Package Check Results for Package greybox

Last updated on 2020-02-21 17:47:47 CET.

Flavor Version Tinstall Tcheck Ttotal Status Flags
r-devel-linux-x86_64-debian-clang 0.5.8 31.58 139.01 170.59 OK
r-devel-linux-x86_64-debian-gcc 0.5.8 22.80 102.62 125.42 OK
r-devel-linux-x86_64-fedora-clang 0.5.8 205.91 OK
r-devel-linux-x86_64-fedora-gcc 0.5.8 197.61 OK
r-devel-windows-ix86+x86_64 0.5.8 64.00 183.00 247.00 NOTE
r-devel-windows-ix86+x86_64-gcc8 0.5.8 77.00 251.00 328.00 NOTE
r-patched-linux-x86_64 0.5.8 26.94 121.56 148.50 OK
r-patched-solaris-x86 0.5.8 234.20 OK
r-release-linux-x86_64 0.5.8 26.18 121.30 147.48 OK
r-release-windows-ix86+x86_64 0.5.8 55.00 169.00 224.00 NOTE
r-release-osx-x86_64 0.5.8 OK
r-oldrel-windows-ix86+x86_64 0.5.8 40.00 162.00 202.00 NOTE
r-oldrel-osx-x86_64 0.5.8 OK

Check Details

Version: 0.5.8
Check: package dependencies
Result: NOTE
    Package suggested but not available for checking: 'doMC'
Flavors: r-devel-windows-ix86+x86_64, r-devel-windows-ix86+x86_64-gcc8, r-release-windows-ix86+x86_64, r-oldrel-windows-ix86+x86_64