CRAN Package Check Results for Package greta

Last updated on 2020-07-06 21:50:27 CEST.

Flavor Version Tinstall Tcheck Ttotal Status Flags
r-devel-linux-x86_64-debian-clang 0.3.1 43.67 124.95 168.62 OK
r-devel-linux-x86_64-debian-gcc 0.3.1 38.75 98.60 137.35 OK
r-devel-linux-x86_64-fedora-clang 0.3.1 324.58 OK
r-devel-linux-x86_64-fedora-gcc 0.3.1 297.31 OK
r-devel-windows-ix86+x86_64 0.3.1 93.00 761.00 854.00 NOTE
r-patched-linux-x86_64 0.3.1 42.26 124.81 167.07 OK
r-patched-solaris-x86 0.3.1 257.80 OK
r-release-linux-x86_64 0.3.1 38.81 122.50 161.31 OK
r-release-osx-x86_64 0.3.1 OK
r-release-windows-ix86+x86_64 0.3.1 62.00 488.00 550.00 NOTE
r-oldrel-osx-x86_64 0.3.1 OK
r-oldrel-windows-ix86+x86_64 0.3.1 86.00 719.00 805.00 NOTE

Check Details

Version: 0.3.1
Check: whether the namespace can be loaded with stated dependencies
Result: NOTE
    Warning in system2(command = python, args = paste0("\"", config_script, :
     running command '"C:/Users/CRAN/AppData/Local/r-miniconda/envs/r-reticulate/python.exe" "d:/RCompile/CRANpkg/lib/4.1/reticulate/config/config.py"' had status 2
    
    A namespace must be able to be loaded with just the base namespace
    loaded: otherwise if the namespace gets loaded by a saved object, the
    session will be unable to start.
    
    Probably some imports need to be declared in the NAMESPACE file.
Flavor: r-devel-windows-ix86+x86_64

Version: 0.3.1
Check: whether the namespace can be loaded with stated dependencies
Result: NOTE
    Warning in system2(command = python, args = paste0("\"", config_script, :
     running command '"C:/Users/CRAN/AppData/Local/r-miniconda/envs/r-reticulate/python.exe" "d:/RCompile/CRANpkg/lib/4.0/reticulate/config/config.py"' had status 2
    
    A namespace must be able to be loaded with just the base namespace
    loaded: otherwise if the namespace gets loaded by a saved object, the
    session will be unable to start.
    
    Probably some imports need to be declared in the NAMESPACE file.
Flavor: r-release-windows-ix86+x86_64

Version: 0.3.1
Check: whether the namespace can be loaded with stated dependencies
Result: NOTE
    Warning in system2(command = python, args = paste0("\"", config_script, :
     running command '"C:/Users/CRAN/AppData/Local/r-miniconda/envs/r-reticulate/python.exe" "d:/RCompile/CRANpkg/lib/3.6/reticulate/config/config.py"' had status 2
    
    A namespace must be able to be loaded with just the base namespace
    loaded: otherwise if the namespace gets loaded by a saved object, the
    session will be unable to start.
    
    Probably some imports need to be declared in the NAMESPACE file.
Flavor: r-oldrel-windows-ix86+x86_64