CRAN Package Check Results for Package grattan

Last updated on 2020-07-06 21:50:27 CEST.

Flavor Version Tinstall Tcheck Ttotal Status Flags
r-devel-linux-x86_64-debian-clang 1.8.0.1 105.49 155.27 260.76 ERROR
r-devel-linux-x86_64-debian-gcc 1.8.0.1 74.80 180.87 255.67 ERROR
r-devel-linux-x86_64-fedora-clang 1.8.0.1 306.88 ERROR
r-devel-linux-x86_64-fedora-gcc 1.8.0.1 335.76 ERROR
r-devel-windows-ix86+x86_64 1.8.0.1 266.00 212.00 478.00 ERROR
r-patched-linux-x86_64 1.8.0.1 76.39 144.14 220.53 ERROR
r-patched-solaris-x86 1.8.0.1 260.00 ERROR
r-release-linux-x86_64 1.8.0.1 77.35 135.53 212.88 ERROR
r-release-osx-x86_64 1.8.0.1 NOTE
r-release-windows-ix86+x86_64 1.8.0.1 217.00 187.00 404.00 NOTE
r-oldrel-osx-x86_64 1.8.0.1 NOTE
r-oldrel-windows-ix86+x86_64 1.8.0.1 257.00 203.00 460.00 NOTE

Check Details

Version: 1.8.0.1
Check: package dependencies
Result: NOTE
    Packages suggested but not available for checking:
     'taxstats', 'taxstats1516'
Flavors: r-devel-linux-x86_64-debian-clang, r-devel-linux-x86_64-debian-gcc, r-devel-linux-x86_64-fedora-clang, r-devel-linux-x86_64-fedora-gcc, r-devel-windows-ix86+x86_64, r-patched-linux-x86_64, r-patched-solaris-x86, r-release-linux-x86_64, r-release-osx-x86_64, r-release-windows-ix86+x86_64, r-oldrel-osx-x86_64, r-oldrel-windows-ix86+x86_64

Version: 1.8.0.1
Check: tests
Result: ERROR
     Running 'testthat.R' [83s/40s]
    Running the tests in 'tests/testthat.R' failed.
    Complete output:
     >
     > all.pkgs <- c("testthat", "dplyr", "dtplyr", "data.table", "magrittr", "survey", "zoo")
     >
     >
     > if (all(vapply(all.pkgs, requireNamespace, logical(1L), quietly = TRUE))) {
     +
     + library(testthat)
     + library(grattan)
     + library(hutils)
     + library(data.table)
     + library(magrittr)
     +
     + if (identical(Sys.getenv("CIRCLECI"), "true")) {
     + test_check("grattan",
     + reporter = JunitReporter$new(file = "junit_result.xml"))
     + } else {
     + test_check("grattan")
     + }
     + }
    
     Attaching package: 'magrittr'
    
     The following objects are masked from 'package:testthat':
    
     equals, is_less_than, not
    
     -- 1. Error: income tax checks (@test_incometax_single.R#6) -------------------
     Entries were not in correct form.
     First bad entry: NA
     Backtrace:
     1. testthat::expect_warning(income_tax(30000), regexp = "fy\\.year is missing, using current financial year")
     6. grattan::income_tax(30000)
     7. grattan:::rolling_income_tax(...)
    
     -- 2. Failure: Partners (standard) (@test_youth_allowance.R#240) --------------
     length(...) not equal to 1L.
     1/1 mismatches
     [1] 0 - 1 == -1
    
     -- 3. Failure: Partners (standard) (@test_youth_allowance.R#245) --------------
     length(...) not equal to 6L.
     1/1 mismatches
     [1] 0 - 6 == -6
    
     -- 4. Failure: Partners (standard) (@test_youth_allowance.R#251) --------------
     ...[] not equal to youth_allowance(...).
     Lengths differ: 1 is not 0
    
     -- 5. Failure: Partners (standard) (@test_youth_allowance.R#261) --------------
     ...[] not equal to youth_allowance(...).
     Lengths differ: 1 is not 0
    
     == testthat results ===========================================================
     [ OK: 818 | SKIPPED: 107 | WARNINGS: 0 | FAILED: 5 ]
     1. Error: income tax checks (@test_incometax_single.R#6)
     2. Failure: Partners (standard) (@test_youth_allowance.R#240)
     3. Failure: Partners (standard) (@test_youth_allowance.R#245)
     4. Failure: Partners (standard) (@test_youth_allowance.R#251)
     5. Failure: Partners (standard) (@test_youth_allowance.R#261)
    
     Error: testthat unit tests failed
     Execution halted
Flavor: r-devel-linux-x86_64-debian-clang

Version: 1.8.0.1
Check: tests
Result: ERROR
     Running ‘testthat.R’ [126s/129s]
    Running the tests in ‘tests/testthat.R’ failed.
    Complete output:
     >
     > all.pkgs <- c("testthat", "dplyr", "dtplyr", "data.table", "magrittr", "survey", "zoo")
     >
     >
     > if (all(vapply(all.pkgs, requireNamespace, logical(1L), quietly = TRUE))) {
     +
     + library(testthat)
     + library(grattan)
     + library(hutils)
     + library(data.table)
     + library(magrittr)
     +
     + if (identical(Sys.getenv("CIRCLECI"), "true")) {
     + test_check("grattan",
     + reporter = JunitReporter$new(file = "junit_result.xml"))
     + } else {
     + test_check("grattan")
     + }
     + }
    
     Attaching package: 'magrittr'
    
     The following objects are masked from 'package:testthat':
    
     equals, is_less_than, not
    
     ── 1. Error: income tax checks (@test_incometax_single.R#6) ───────────────────
     Entries were not in correct form.
     First bad entry: NA
     Backtrace:
     1. testthat::expect_warning(income_tax(30000), regexp = "fy\\.year is missing, using current financial year")
     6. grattan::income_tax(30000)
     7. grattan:::rolling_income_tax(...)
    
     ── 2. Failure: Partners (standard) (@test_youth_allowance.R#240) ──────────────
     length(...) not equal to 1L.
     1/1 mismatches
     [1] 0 - 1 == -1
    
     ── 3. Failure: Partners (standard) (@test_youth_allowance.R#245) ──────────────
     length(...) not equal to 6L.
     1/1 mismatches
     [1] 0 - 6 == -6
    
     ── 4. Failure: Partners (standard) (@test_youth_allowance.R#251) ──────────────
     ...[] not equal to youth_allowance(...).
     Lengths differ: 1 is not 0
    
     ── 5. Failure: Partners (standard) (@test_youth_allowance.R#261) ──────────────
     ...[] not equal to youth_allowance(...).
     Lengths differ: 1 is not 0
    
     ══ testthat results ═══════════════════════════════════════════════════════════
     [ OK: 818 | SKIPPED: 107 | WARNINGS: 0 | FAILED: 5 ]
     1. Error: income tax checks (@test_incometax_single.R#6)
     2. Failure: Partners (standard) (@test_youth_allowance.R#240)
     3. Failure: Partners (standard) (@test_youth_allowance.R#245)
     4. Failure: Partners (standard) (@test_youth_allowance.R#251)
     5. Failure: Partners (standard) (@test_youth_allowance.R#261)
    
     Error: testthat unit tests failed
     Execution halted
Flavor: r-devel-linux-x86_64-debian-gcc

Version: 1.8.0.1
Check: tests
Result: ERROR
     Running ‘testthat.R’ [55s/35s]
    Running the tests in ‘tests/testthat.R’ failed.
    Complete output:
     >
     > all.pkgs <- c("testthat", "dplyr", "dtplyr", "data.table", "magrittr", "survey", "zoo")
     >
     >
     > if (all(vapply(all.pkgs, requireNamespace, logical(1L), quietly = TRUE))) {
     +
     + library(testthat)
     + library(grattan)
     + library(hutils)
     + library(data.table)
     + library(magrittr)
     +
     + if (identical(Sys.getenv("CIRCLECI"), "true")) {
     + test_check("grattan",
     + reporter = JunitReporter$new(file = "junit_result.xml"))
     + } else {
     + test_check("grattan")
     + }
     + }
    
     Attaching package: 'magrittr'
    
     The following objects are masked from 'package:testthat':
    
     equals, is_less_than, not
    
     ── 1. Error: income tax checks (@test_incometax_single.R#6) ───────────────────
     Entries were not in correct form.
     First bad entry: NA
     Backtrace:
     1. testthat::expect_warning(income_tax(30000), regexp = "fy\\.year is missing, using current financial year")
     6. grattan::income_tax(30000)
     7. grattan:::rolling_income_tax(...)
    
     ── 2. Failure: Partners (standard) (@test_youth_allowance.R#240) ──────────────
     length(...) not equal to 1L.
     1/1 mismatches
     [1] 0 - 1 == -1
    
     ── 3. Failure: Partners (standard) (@test_youth_allowance.R#245) ──────────────
     length(...) not equal to 6L.
     1/1 mismatches
     [1] 0 - 6 == -6
    
     ── 4. Failure: Partners (standard) (@test_youth_allowance.R#251) ──────────────
     ...[] not equal to youth_allowance(...).
     Lengths differ: 1 is not 0
    
     ── 5. Failure: Partners (standard) (@test_youth_allowance.R#261) ──────────────
     ...[] not equal to youth_allowance(...).
     Lengths differ: 1 is not 0
    
     ══ testthat results ═══════════════════════════════════════════════════════════
     [ OK: 818 | SKIPPED: 107 | WARNINGS: 0 | FAILED: 5 ]
     1. Error: income tax checks (@test_incometax_single.R#6)
     2. Failure: Partners (standard) (@test_youth_allowance.R#240)
     3. Failure: Partners (standard) (@test_youth_allowance.R#245)
     4. Failure: Partners (standard) (@test_youth_allowance.R#251)
     5. Failure: Partners (standard) (@test_youth_allowance.R#261)
    
     Error: testthat unit tests failed
     Execution halted
Flavor: r-devel-linux-x86_64-fedora-clang

Version: 1.8.0.1
Check: tests
Result: ERROR
     Running ‘testthat.R’ [112s/165s]
    Running the tests in ‘tests/testthat.R’ failed.
    Complete output:
     >
     > all.pkgs <- c("testthat", "dplyr", "dtplyr", "data.table", "magrittr", "survey", "zoo")
     >
     >
     > if (all(vapply(all.pkgs, requireNamespace, logical(1L), quietly = TRUE))) {
     +
     + library(testthat)
     + library(grattan)
     + library(hutils)
     + library(data.table)
     + library(magrittr)
     +
     + if (identical(Sys.getenv("CIRCLECI"), "true")) {
     + test_check("grattan",
     + reporter = JunitReporter$new(file = "junit_result.xml"))
     + } else {
     + test_check("grattan")
     + }
     + }
    
     Attaching package: 'magrittr'
    
     The following objects are masked from 'package:testthat':
    
     equals, is_less_than, not
    
     ── 1. Error: income tax checks (@test_incometax_single.R#6) ───────────────────
     Entries were not in correct form.
     First bad entry: NA
     Backtrace:
     1. testthat::expect_warning(income_tax(30000), regexp = "fy\\.year is missing, using current financial year")
     6. grattan::income_tax(30000)
     7. grattan:::rolling_income_tax(...)
    
     ── 2. Failure: Partners (standard) (@test_youth_allowance.R#240) ──────────────
     length(...) not equal to 1L.
     1/1 mismatches
     [1] 0 - 1 == -1
    
     ── 3. Failure: Partners (standard) (@test_youth_allowance.R#245) ──────────────
     length(...) not equal to 6L.
     1/1 mismatches
     [1] 0 - 6 == -6
    
     ── 4. Failure: Partners (standard) (@test_youth_allowance.R#251) ──────────────
     ...[] not equal to youth_allowance(...).
     Lengths differ: 1 is not 0
    
     ── 5. Failure: Partners (standard) (@test_youth_allowance.R#261) ──────────────
     ...[] not equal to youth_allowance(...).
     Lengths differ: 1 is not 0
    
     ══ testthat results ═══════════════════════════════════════════════════════════
     [ OK: 818 | SKIPPED: 107 | WARNINGS: 0 | FAILED: 5 ]
     1. Error: income tax checks (@test_incometax_single.R#6)
     2. Failure: Partners (standard) (@test_youth_allowance.R#240)
     3. Failure: Partners (standard) (@test_youth_allowance.R#245)
     4. Failure: Partners (standard) (@test_youth_allowance.R#251)
     5. Failure: Partners (standard) (@test_youth_allowance.R#261)
    
     Error: testthat unit tests failed
     Execution halted
Flavor: r-devel-linux-x86_64-fedora-gcc

Version: 1.8.0.1
Check: running tests for arch ‘i386’
Result: ERROR
     Running 'testthat.R' [31s]
    Running the tests in 'tests/testthat.R' failed.
    Complete output:
     >
     > all.pkgs <- c("testthat", "dplyr", "dtplyr", "data.table", "magrittr", "survey", "zoo")
     >
     >
     > if (all(vapply(all.pkgs, requireNamespace, logical(1L), quietly = TRUE))) {
     +
     + library(testthat)
     + library(grattan)
     + library(hutils)
     + library(data.table)
     + library(magrittr)
     +
     + if (identical(Sys.getenv("CIRCLECI"), "true")) {
     + test_check("grattan",
     + reporter = JunitReporter$new(file = "junit_result.xml"))
     + } else {
     + test_check("grattan")
     + }
     + }
    
     Attaching package: 'magrittr'
    
     The following objects are masked from 'package:testthat':
    
     equals, is_less_than, not
    
     -- 1. Error: income tax checks (@test_incometax_single.R#6) -------------------
     Entries were not in correct form.
     First bad entry: NA
     Backtrace:
     1. testthat::expect_warning(income_tax(30000), regexp = "fy\\.year is missing, using current financial year")
     6. grattan::income_tax(30000)
     7. grattan:::rolling_income_tax(...)
    
     -- 2. Failure: Partners (standard) (@test_youth_allowance.R#240) --------------
     length(...) not equal to 1L.
     1/1 mismatches
     [1] 0 - 1 == -1
    
     -- 3. Failure: Partners (standard) (@test_youth_allowance.R#245) --------------
     length(...) not equal to 6L.
     1/1 mismatches
     [1] 0 - 6 == -6
    
     -- 4. Failure: Partners (standard) (@test_youth_allowance.R#251) --------------
     ...[] not equal to youth_allowance(...).
     Lengths differ: 1 is not 0
    
     -- 5. Failure: Partners (standard) (@test_youth_allowance.R#261) --------------
     ...[] not equal to youth_allowance(...).
     Lengths differ: 1 is not 0
    
     == testthat results ===========================================================
     [ OK: 818 | SKIPPED: 107 | WARNINGS: 0 | FAILED: 5 ]
     1. Error: income tax checks (@test_incometax_single.R#6)
     2. Failure: Partners (standard) (@test_youth_allowance.R#240)
     3. Failure: Partners (standard) (@test_youth_allowance.R#245)
     4. Failure: Partners (standard) (@test_youth_allowance.R#251)
     5. Failure: Partners (standard) (@test_youth_allowance.R#261)
    
     Error: testthat unit tests failed
     Execution halted
Flavor: r-devel-windows-ix86+x86_64

Version: 1.8.0.1
Check: running tests for arch ‘x64’
Result: ERROR
     Running 'testthat.R' [36s]
    Running the tests in 'tests/testthat.R' failed.
    Complete output:
     >
     > all.pkgs <- c("testthat", "dplyr", "dtplyr", "data.table", "magrittr", "survey", "zoo")
     >
     >
     > if (all(vapply(all.pkgs, requireNamespace, logical(1L), quietly = TRUE))) {
     +
     + library(testthat)
     + library(grattan)
     + library(hutils)
     + library(data.table)
     + library(magrittr)
     +
     + if (identical(Sys.getenv("CIRCLECI"), "true")) {
     + test_check("grattan",
     + reporter = JunitReporter$new(file = "junit_result.xml"))
     + } else {
     + test_check("grattan")
     + }
     + }
    
     Attaching package: 'magrittr'
    
     The following objects are masked from 'package:testthat':
    
     equals, is_less_than, not
    
     -- 1. Error: income tax checks (@test_incometax_single.R#6) -------------------
     Entries were not in correct form.
     First bad entry: NA
     Backtrace:
     1. testthat::expect_warning(income_tax(30000), regexp = "fy\\.year is missing, using current financial year")
     6. grattan::income_tax(30000)
     7. grattan:::rolling_income_tax(...)
    
     -- 2. Failure: Partners (standard) (@test_youth_allowance.R#240) --------------
     length(...) not equal to 1L.
     1/1 mismatches
     [1] 0 - 1 == -1
    
     -- 3. Failure: Partners (standard) (@test_youth_allowance.R#245) --------------
     length(...) not equal to 6L.
     1/1 mismatches
     [1] 0 - 6 == -6
    
     -- 4. Failure: Partners (standard) (@test_youth_allowance.R#251) --------------
     ...[] not equal to youth_allowance(...).
     Lengths differ: 1 is not 0
    
     -- 5. Failure: Partners (standard) (@test_youth_allowance.R#261) --------------
     ...[] not equal to youth_allowance(...).
     Lengths differ: 1 is not 0
    
     == testthat results ===========================================================
     [ OK: 818 | SKIPPED: 107 | WARNINGS: 0 | FAILED: 5 ]
     1. Error: income tax checks (@test_incometax_single.R#6)
     2. Failure: Partners (standard) (@test_youth_allowance.R#240)
     3. Failure: Partners (standard) (@test_youth_allowance.R#245)
     4. Failure: Partners (standard) (@test_youth_allowance.R#251)
     5. Failure: Partners (standard) (@test_youth_allowance.R#261)
    
     Error: testthat unit tests failed
     Execution halted
Flavor: r-devel-windows-ix86+x86_64

Version: 1.8.0.1
Check: tests
Result: ERROR
     Running ‘testthat.R’ [73s/67s]
    Running the tests in ‘tests/testthat.R’ failed.
    Complete output:
     >
     > all.pkgs <- c("testthat", "dplyr", "dtplyr", "data.table", "magrittr", "survey", "zoo")
     >
     >
     > if (all(vapply(all.pkgs, requireNamespace, logical(1L), quietly = TRUE))) {
     +
     + library(testthat)
     + library(grattan)
     + library(hutils)
     + library(data.table)
     + library(magrittr)
     +
     + if (identical(Sys.getenv("CIRCLECI"), "true")) {
     + test_check("grattan",
     + reporter = JunitReporter$new(file = "junit_result.xml"))
     + } else {
     + test_check("grattan")
     + }
     + }
    
     Attaching package: 'magrittr'
    
     The following objects are masked from 'package:testthat':
    
     equals, is_less_than, not
    
     ── 1. Error: income tax checks (@test_incometax_single.R#6) ───────────────────
     Entries were not in correct form.
     First bad entry: NA
     Backtrace:
     1. testthat::expect_warning(income_tax(30000), regexp = "fy\\.year is missing, using current financial year")
     6. grattan::income_tax(30000)
     7. grattan:::rolling_income_tax(...)
    
     ── 2. Failure: Partners (standard) (@test_youth_allowance.R#240) ──────────────
     length(...) not equal to 1L.
     1/1 mismatches
     [1] 0 - 1 == -1
    
     ── 3. Failure: Partners (standard) (@test_youth_allowance.R#245) ──────────────
     length(...) not equal to 6L.
     1/1 mismatches
     [1] 0 - 6 == -6
    
     ── 4. Failure: Partners (standard) (@test_youth_allowance.R#251) ──────────────
     ...[] not equal to youth_allowance(...).
     Lengths differ: 1 is not 0
    
     ── 5. Failure: Partners (standard) (@test_youth_allowance.R#261) ──────────────
     ...[] not equal to youth_allowance(...).
     Lengths differ: 1 is not 0
    
     ══ testthat results ═══════════════════════════════════════════════════════════
     [ OK: 818 | SKIPPED: 107 | WARNINGS: 0 | FAILED: 5 ]
     1. Error: income tax checks (@test_incometax_single.R#6)
     2. Failure: Partners (standard) (@test_youth_allowance.R#240)
     3. Failure: Partners (standard) (@test_youth_allowance.R#245)
     4. Failure: Partners (standard) (@test_youth_allowance.R#251)
     5. Failure: Partners (standard) (@test_youth_allowance.R#261)
    
     Error: testthat unit tests failed
     Execution halted
Flavor: r-patched-linux-x86_64

Version: 1.8.0.1
Check: tests
Result: ERROR
     Running ‘testthat.R’ [40s/53s]
    Running the tests in ‘tests/testthat.R’ failed.
    Complete output:
     >
     > all.pkgs <- c("testthat", "dplyr", "dtplyr", "data.table", "magrittr", "survey", "zoo")
     >
     >
     > if (all(vapply(all.pkgs, requireNamespace, logical(1L), quietly = TRUE))) {
     +
     + library(testthat)
     + library(grattan)
     + library(hutils)
     + library(data.table)
     + library(magrittr)
     +
     + if (identical(Sys.getenv("CIRCLECI"), "true")) {
     + test_check("grattan",
     + reporter = JunitReporter$new(file = "junit_result.xml"))
     + } else {
     + test_check("grattan")
     + }
     + }
    
     Attaching package: 'magrittr'
    
     The following objects are masked from 'package:testthat':
    
     equals, is_less_than, not
    
     ── 1. Error: income tax checks (@test_incometax_single.R#6) ───────────────────
     Entries were not in correct form.
     First bad entry: NA
     Backtrace:
     1. testthat::expect_warning(income_tax(30000), regexp = "fy\\.year is missing, using current financial year")
     6. grattan::income_tax(30000)
     7. grattan:::rolling_income_tax(...)
    
     ── 2. Failure: Partners (standard) (@test_youth_allowance.R#240) ──────────────
     length(...) not equal to 1L.
     1/1 mismatches
     [1] 0 - 1 == -1
    
     ── 3. Failure: Partners (standard) (@test_youth_allowance.R#245) ──────────────
     length(...) not equal to 6L.
     1/1 mismatches
     [1] 0 - 6 == -6
    
     ── 4. Failure: Partners (standard) (@test_youth_allowance.R#251) ──────────────
     ...[] not equal to youth_allowance(...).
     Lengths differ: 1 is not 0
    
     ── 5. Failure: Partners (standard) (@test_youth_allowance.R#261) ──────────────
     ...[] not equal to youth_allowance(...).
     Lengths differ: 1 is not 0
    
     ══ testthat results ═══════════════════════════════════════════════════════════
     [ OK: 818 | SKIPPED: 107 | WARNINGS: 0 | FAILED: 5 ]
     1. Error: income tax checks (@test_incometax_single.R#6)
     2. Failure: Partners (standard) (@test_youth_allowance.R#240)
     3. Failure: Partners (standard) (@test_youth_allowance.R#245)
     4. Failure: Partners (standard) (@test_youth_allowance.R#251)
     5. Failure: Partners (standard) (@test_youth_allowance.R#261)
    
     Error: testthat unit tests failed
     Execution halted
Flavor: r-patched-solaris-x86

Version: 1.8.0.1
Check: tests
Result: ERROR
     Running ‘testthat.R’ [64s/58s]
    Running the tests in ‘tests/testthat.R’ failed.
    Complete output:
     >
     > all.pkgs <- c("testthat", "dplyr", "dtplyr", "data.table", "magrittr", "survey", "zoo")
     >
     >
     > if (all(vapply(all.pkgs, requireNamespace, logical(1L), quietly = TRUE))) {
     +
     + library(testthat)
     + library(grattan)
     + library(hutils)
     + library(data.table)
     + library(magrittr)
     +
     + if (identical(Sys.getenv("CIRCLECI"), "true")) {
     + test_check("grattan",
     + reporter = JunitReporter$new(file = "junit_result.xml"))
     + } else {
     + test_check("grattan")
     + }
     + }
    
     Attaching package: 'magrittr'
    
     The following objects are masked from 'package:testthat':
    
     equals, is_less_than, not
    
     ── 1. Error: income tax checks (@test_incometax_single.R#6) ───────────────────
     Entries were not in correct form.
     First bad entry: NA
     Backtrace:
     1. testthat::expect_warning(income_tax(30000), regexp = "fy\\.year is missing, using current financial year")
     6. grattan::income_tax(30000)
     7. grattan:::rolling_income_tax(...)
    
     ── 2. Failure: Partners (standard) (@test_youth_allowance.R#240) ──────────────
     length(...) not equal to 1L.
     1/1 mismatches
     [1] 0 - 1 == -1
    
     ── 3. Failure: Partners (standard) (@test_youth_allowance.R#245) ──────────────
     length(...) not equal to 6L.
     1/1 mismatches
     [1] 0 - 6 == -6
    
     ── 4. Failure: Partners (standard) (@test_youth_allowance.R#251) ──────────────
     ...[] not equal to youth_allowance(...).
     Lengths differ: 1 is not 0
    
     ── 5. Failure: Partners (standard) (@test_youth_allowance.R#261) ──────────────
     ...[] not equal to youth_allowance(...).
     Lengths differ: 1 is not 0
    
     ══ testthat results ═══════════════════════════════════════════════════════════
     [ OK: 818 | SKIPPED: 107 | WARNINGS: 0 | FAILED: 5 ]
     1. Error: income tax checks (@test_incometax_single.R#6)
     2. Failure: Partners (standard) (@test_youth_allowance.R#240)
     3. Failure: Partners (standard) (@test_youth_allowance.R#245)
     4. Failure: Partners (standard) (@test_youth_allowance.R#251)
     5. Failure: Partners (standard) (@test_youth_allowance.R#261)
    
     Error: testthat unit tests failed
     Execution halted
Flavor: r-release-linux-x86_64