CRAN Package Check Results for Package graphsim

Last updated on 2021-06-20 09:49:51 CEST.

Flavor Version Tinstall Tcheck Ttotal Status Flags
r-devel-linux-x86_64-debian-clang 1.0.1 8.50 87.60 96.10 OK
r-devel-linux-x86_64-debian-gcc 1.0.1 7.15 66.07 73.22 OK
r-devel-linux-x86_64-fedora-clang 1.0.1 123.82 NOTE
r-devel-linux-x86_64-fedora-gcc 1.0.1 118.74 NOTE
r-devel-windows-x86_64 1.0.1 15.00 83.00 98.00 OK
r-devel-windows-x86_64-gcc10-UCRT 1.0.1 NOTE
r-patched-linux-x86_64 1.0.1 9.91 84.14 94.05 OK
r-patched-solaris-x86 1.0.1 170.20 NOTE
r-release-linux-x86_64 1.0.1 9.71 83.68 93.39 OK
r-release-macos-arm64 1.0.1 NOTE
r-release-macos-x86_64 1.0.1 NOTE
r-release-windows-ix86+x86_64 1.0.1 19.00 113.00 132.00 OK
r-oldrel-macos-x86_64 1.0.1 NOTE
r-oldrel-windows-ix86+x86_64 1.0.1 13.00 113.00 126.00 OK

Check Details

Version: 1.0.1
Check: dependencies in R code
Result: NOTE
    Namespace in Imports field not imported from: ‘utils’
     All declared Imports should be used.
Flavors: r-devel-linux-x86_64-fedora-clang, r-devel-linux-x86_64-fedora-gcc, r-devel-windows-x86_64-gcc10-UCRT, r-patched-solaris-x86, r-release-macos-arm64, r-release-macos-x86_64, r-oldrel-macos-x86_64

Version: 1.0.1
Check: package dependencies
Result: NOTE
    Package suggested but not available for checking: 'devtools'
Flavor: r-devel-windows-x86_64-gcc10-UCRT