CRAN Package Check Results for Package graphicsQC

Last updated on 2020-02-24 20:47:20 CET.

Flavor Version Tinstall Tcheck Ttotal Status Flags
r-devel-linux-x86_64-debian-clang 1.0-8 3.83 47.00 50.83 NOTE
r-devel-linux-x86_64-debian-gcc 1.0-8 3.73 36.87 40.60 NOTE
r-devel-linux-x86_64-fedora-clang 1.0-8 81.41 OK
r-devel-linux-x86_64-fedora-gcc 1.0-8 71.43 OK
r-devel-windows-ix86+x86_64 1.0-8 8.00 51.00 59.00 NOTE
r-devel-windows-ix86+x86_64-gcc8 1.0-8 11.00 73.00 84.00 NOTE
r-patched-linux-x86_64 1.0-8 3.39 43.20 46.59 NOTE
r-patched-solaris-x86 1.0-8 72.20 NOTE
r-release-linux-x86_64 1.0-8 3.44 42.69 46.13 NOTE
r-release-windows-ix86+x86_64 1.0-8 8.00 51.00 59.00 NOTE
r-release-osx-x86_64 1.0-8 NOTE
r-oldrel-windows-ix86+x86_64 1.0-8 5.00 51.00 56.00 NOTE
r-oldrel-osx-x86_64 1.0-8 NOTE

Check Details

Version: 1.0-8
Check: package dependencies
Result: NOTE
    Package suggested but not available for checking: 'Sxslt'
Flavors: r-devel-linux-x86_64-debian-clang, r-devel-linux-x86_64-debian-gcc, r-devel-windows-ix86+x86_64, r-devel-windows-ix86+x86_64-gcc8, r-patched-linux-x86_64, r-patched-solaris-x86, r-release-linux-x86_64, r-release-windows-ix86+x86_64, r-release-osx-x86_64, r-oldrel-windows-ix86+x86_64, r-oldrel-osx-x86_64