CRAN Package Check Results for Package graphTweets

Last updated on 2020-03-30 20:48:29 CEST.

Flavor Version Tinstall Tcheck Ttotal Status Flags
r-devel-linux-x86_64-debian-clang 0.5.3 4.36 37.24 41.60 OK
r-devel-linux-x86_64-debian-gcc 0.5.3 3.55 29.06 32.61 OK
r-devel-linux-x86_64-fedora-clang 0.5.3 48.67 NOTE
r-devel-linux-x86_64-fedora-gcc 0.5.3 49.71 NOTE
r-devel-windows-ix86+x86_64 0.5.3 12.00 48.00 60.00 OK
r-devel-windows-ix86+x86_64-gcc8 0.5.3 11.00 49.00 60.00 OK
r-patched-linux-x86_64 0.5.3 4.09 35.13 39.22 OK
r-patched-solaris-x86 0.5.3 75.90 NOTE
r-release-linux-x86_64 0.5.3 3.56 32.58 36.14 OK
r-release-windows-ix86+x86_64 0.5.3 15.00 68.00 83.00 OK
r-release-osx-x86_64 0.5.3 NOTE
r-oldrel-windows-ix86+x86_64 0.5.3 13.00 70.00 83.00 OK
r-oldrel-osx-x86_64 0.5.3 NOTE

Check Details

Version: 0.5.3
Check: dependencies in R code
Result: NOTE
    Namespace in Imports field not imported from: ‘utils’
     All declared Imports should be used.
Flavors: r-devel-linux-x86_64-fedora-clang, r-devel-linux-x86_64-fedora-gcc, r-patched-solaris-x86, r-release-osx-x86_64, r-oldrel-osx-x86_64