CRAN Package Check Results for Package gpDDE

Last updated on 2020-02-24 20:47:20 CET.

Flavor Version Tinstall Tcheck Ttotal Status Flags
r-devel-linux-x86_64-debian-clang 0.8.2 15.25 97.67 112.92 NOTE
r-devel-linux-x86_64-debian-gcc 0.8.2 13.99 75.82 89.81 NOTE
r-devel-linux-x86_64-fedora-clang 0.8.2 132.75 NOTE
r-devel-linux-x86_64-fedora-gcc 0.8.2 132.16 NOTE
r-devel-windows-ix86+x86_64 0.8.2 28.00 102.00 130.00 NOTE
r-devel-windows-ix86+x86_64-gcc8 0.8.2 40.00 149.00 189.00 NOTE
r-patched-linux-x86_64 0.8.2 12.51 84.87 97.38 NOTE
r-patched-solaris-x86 0.8.2 177.00 NOTE
r-release-linux-x86_64 0.8.2 13.15 84.79 97.94 NOTE
r-release-windows-ix86+x86_64 0.8.2 22.00 94.00 116.00 NOTE
r-release-osx-x86_64 0.8.2 NOTE
r-oldrel-windows-ix86+x86_64 0.8.2 16.00 91.00 107.00 NOTE
r-oldrel-osx-x86_64 0.8.2 OK

Check Details

Version: 0.8.2
Check: dependencies in R code
Result: NOTE
    Missing or unexported object: 'TSA::tsdiag.Arima'
Flavors: r-devel-linux-x86_64-debian-clang, r-devel-linux-x86_64-debian-gcc, r-devel-linux-x86_64-fedora-clang, r-devel-linux-x86_64-fedora-gcc, r-devel-windows-ix86+x86_64, r-devel-windows-ix86+x86_64-gcc8, r-patched-linux-x86_64, r-patched-solaris-x86, r-release-linux-x86_64, r-release-windows-ix86+x86_64, r-release-osx-x86_64, r-oldrel-windows-ix86+x86_64