CRAN Package Check Results for Package gmodels

Last updated on 2021-04-15 09:50:00 CEST.

Flavor Version Tinstall Tcheck Ttotal Status Flags
r-devel-linux-x86_64-debian-clang 2.18.1 3.80 31.65 35.45 OK
r-devel-linux-x86_64-debian-gcc 2.18.1 2.77 24.99 27.76 OK
r-devel-linux-x86_64-fedora-clang 2.18.1 51.96 NOTE
r-devel-linux-x86_64-fedora-gcc 2.18.1 42.25 OK
r-devel-windows-ix86+x86_64 2.18.1 7.00 48.00 55.00 OK
r-devel-windows-x86_64-gcc10-UCRT 2.18.1 OK
r-patched-linux-x86_64 2.18.1 3.44 30.46 33.90 OK
r-patched-solaris-x86 2.18.1 62.50 OK
r-release-linux-x86_64 2.18.1 3.24 30.44 33.68 OK
r-release-macos-x86_64 2.18.1 OK
r-release-windows-ix86+x86_64 2.18.1 6.00 52.00 58.00 OK
r-oldrel-macos-x86_64 2.18.1 OK
r-oldrel-windows-ix86+x86_64 2.18.1 6.00 33.00 39.00 OK

Check Details

Version: 2.18.1
Check: Rd cross-references
Result: NOTE
    Undeclared package ‘rms’ in Rd xrefs
Flavor: r-devel-linux-x86_64-fedora-clang