CRAN Package Check Results for Package glrt

Last updated on 2020-07-06 21:50:27 CEST.

Flavor Version Tinstall Tcheck Ttotal Status Flags
r-devel-linux-x86_64-debian-clang 2.0 8.24 74.19 82.43 NOTE
r-devel-linux-x86_64-debian-gcc 2.0 7.01 56.81 63.82 NOTE
r-devel-linux-x86_64-fedora-clang 2.0 106.57 NOTE
r-devel-linux-x86_64-fedora-gcc 2.0 98.22 NOTE
r-devel-windows-ix86+x86_64 2.0 19.00 111.00 130.00 NOTE
r-patched-linux-x86_64 2.0 8.34 72.94 81.28 NOTE
r-patched-solaris-x86 2.0 142.50 NOTE
r-release-linux-x86_64 2.0 9.03 74.79 83.82 NOTE
r-release-osx-x86_64 2.0 NOTE
r-release-windows-ix86+x86_64 2.0 15.00 83.00 98.00 NOTE
r-oldrel-osx-x86_64 2.0 NOTE
r-oldrel-windows-ix86+x86_64 2.0 19.00 111.00 130.00 NOTE

Check Details

Version: 2.0
Check: DESCRIPTION meta-information
Result: NOTE
    Malformed Description field: should contain one or more complete sentences.
Flavors: r-devel-linux-x86_64-debian-clang, r-devel-linux-x86_64-debian-gcc, r-devel-linux-x86_64-fedora-clang, r-devel-linux-x86_64-fedora-gcc, r-devel-windows-ix86+x86_64, r-patched-linux-x86_64, r-patched-solaris-x86, r-release-linux-x86_64, r-release-osx-x86_64, r-release-windows-ix86+x86_64, r-oldrel-osx-x86_64, r-oldrel-windows-ix86+x86_64

Version: 2.0
Check: R code for possible problems
Result: NOTE
    ScoreTest: no visible global function definition for 'pchisq'
    Var1: no visible global function definition for 'runif'
    gLRT1: no visible global function definition for 'pchisq'
    gLRT2: no visible global function definition for 'pchisq'
    gLRT3: no visible global function definition for 'pchisq'
    gLRT4: no visible global function definition for 'pf'
    Undefined global functions or variables:
     pchisq pf runif
    Consider adding
     importFrom("stats", "pchisq", "pf", "runif")
    to your NAMESPACE file.
Flavors: r-devel-linux-x86_64-debian-clang, r-devel-linux-x86_64-debian-gcc, r-devel-linux-x86_64-fedora-clang, r-devel-linux-x86_64-fedora-gcc, r-devel-windows-ix86+x86_64, r-patched-linux-x86_64, r-patched-solaris-x86, r-release-linux-x86_64, r-release-osx-x86_64, r-release-windows-ix86+x86_64, r-oldrel-osx-x86_64, r-oldrel-windows-ix86+x86_64