CRAN Package Check Results for Package glm.deploy

Last updated on 2021-06-22 09:51:37 CEST.

Flavor Version Tinstall Tcheck Ttotal Status Flags
r-devel-linux-x86_64-debian-clang 1.0.4 22.36 29.28 51.64 NOTE
r-devel-linux-x86_64-debian-gcc 1.0.4 15.57 23.42 38.99 NOTE
r-devel-linux-x86_64-fedora-clang 1.0.4 75.62 NOTE
r-devel-linux-x86_64-fedora-gcc 1.0.4 61.28 NOTE
r-devel-windows-x86_64 1.0.4 27.00 45.00 72.00 NOTE
r-devel-windows-x86_64-gcc10-UCRT 1.0.4 NOTE
r-patched-linux-x86_64 1.0.4 15.85 28.83 44.68 NOTE
r-patched-solaris-x86 1.0.4 81.10 NOTE
r-release-linux-x86_64 1.0.4 16.83 28.46 45.29 NOTE
r-release-macos-arm64 1.0.4 NOTE
r-release-macos-x86_64 1.0.4 NOTE
r-release-windows-ix86+x86_64 1.0.4 51.00 68.00 119.00 NOTE
r-oldrel-macos-x86_64 1.0.4 OK

Check Details

Version: 1.0.4
Check: LazyData
Result: NOTE
     'LazyData' is specified without a 'data' directory
Flavors: r-devel-linux-x86_64-debian-clang, r-devel-linux-x86_64-debian-gcc, r-devel-linux-x86_64-fedora-clang, r-devel-linux-x86_64-fedora-gcc, r-devel-windows-x86_64, r-devel-windows-x86_64-gcc10-UCRT, r-patched-linux-x86_64, r-patched-solaris-x86, r-release-linux-x86_64, r-release-macos-arm64, r-release-macos-x86_64, r-release-windows-ix86+x86_64