CRAN Package Check Results for Package gllvm

Last updated on 2021-04-15 09:50:00 CEST.

Flavor Version Tinstall Tcheck Ttotal Status Flags
r-devel-linux-x86_64-debian-clang 1.2.3 164.70 324.04 488.74 OK
r-devel-linux-x86_64-debian-gcc 1.2.3 143.92 256.62 400.54 OK
r-devel-linux-x86_64-fedora-clang 1.2.3 628.30 NOTE
r-devel-linux-x86_64-fedora-gcc 1.2.3 662.07 OK
r-devel-windows-ix86+x86_64 1.2.3 295.00 540.00 835.00 NOTE
r-devel-windows-x86_64-gcc10-UCRT 1.2.3 OK
r-patched-linux-x86_64 1.2.3 158.55 336.37 494.92 OK
r-patched-solaris-x86 1.2.3 825.70 OK
r-release-linux-x86_64 1.2.3 154.02 338.93 492.95 OK
r-release-macos-x86_64 1.2.3 NOTE
r-release-windows-ix86+x86_64 1.2.3 305.00 548.00 853.00 NOTE
r-oldrel-macos-x86_64 1.2.3 NOTE
r-oldrel-windows-ix86+x86_64 1.2.3 300.00 403.00 703.00 NOTE

Check Details

Version: 1.2.3
Check: installed package size
Result: NOTE
     installed size is 50.1Mb
     sub-directories of 1Mb or more:
     libs 48.9Mb
Flavors: r-devel-linux-x86_64-fedora-clang, r-devel-windows-ix86+x86_64, r-release-macos-x86_64, r-release-windows-ix86+x86_64, r-oldrel-macos-x86_64, r-oldrel-windows-ix86+x86_64