CRAN Package Check Results for Package ggvoronoi

Last updated on 2020-02-27 17:50:56 CET.

Flavor Version Tinstall Tcheck Ttotal Status Flags
r-devel-linux-x86_64-debian-clang 0.8.3 14.67 160.24 174.91 OK
r-devel-linux-x86_64-debian-gcc 0.8.3 12.20 120.26 132.46 OK
r-devel-linux-x86_64-fedora-clang 0.8.3 212.60 WARN
r-devel-linux-x86_64-fedora-gcc 0.8.3 208.87 WARN
r-devel-windows-ix86+x86_64 0.8.3 32.00 170.00 202.00 OK
r-devel-windows-ix86+x86_64-gcc8 0.8.3 28.00 163.00 191.00 OK
r-patched-linux-x86_64 0.8.3 12.54 138.91 151.45 OK
r-patched-solaris-x86 0.8.3 264.90 OK
r-release-linux-x86_64 0.8.3 11.88 137.43 149.31 OK
r-release-windows-ix86+x86_64 0.8.3 25.00 140.00 165.00 OK
r-release-osx-x86_64 0.8.3 OK
r-oldrel-windows-ix86+x86_64 0.8.3 17.00 148.00 165.00 OK
r-oldrel-osx-x86_64 0.8.3 OK

Check Details

Version: 0.8.3
Check: whether package can be installed
Result: WARN
    Found the following significant warnings:
     Warning: namespace ‘rgdal’ is not available and has been replaced
Flavors: r-devel-linux-x86_64-fedora-clang, r-devel-linux-x86_64-fedora-gcc