CRAN Package Check Results for Package ggsom

Last updated on 2021-06-14 08:49:38 CEST.

Flavor Version Tinstall Tcheck Ttotal Status Flags
r-devel-linux-x86_64-debian-clang 0.4.0 5.74 51.94 57.68 NOTE
r-devel-linux-x86_64-debian-gcc 0.4.0 4.36 38.38 42.74 NOTE
r-devel-linux-x86_64-fedora-clang 0.4.0 77.24 NOTE
r-devel-linux-x86_64-fedora-gcc 0.4.0 64.24 NOTE
r-devel-windows-x86_64 0.4.0 11.00 73.00 84.00 NOTE
r-devel-windows-x86_64-gcc10-UCRT 0.4.0 NOTE
r-patched-linux-x86_64 0.4.0 5.65 47.53 53.18 NOTE
r-patched-solaris-x86 0.4.0 93.00 NOTE
r-release-linux-x86_64 0.4.0 3.57 47.72 51.29 NOTE
r-release-macos-arm64 0.4.0 NOTE
r-release-macos-x86_64 0.4.0 NOTE
r-release-windows-ix86+x86_64 0.4.0 15.00 69.00 84.00 NOTE
r-oldrel-macos-x86_64 0.4.0 OK
r-oldrel-windows-ix86+x86_64 0.4.0 16.00 68.00 84.00 OK

Check Details

Version: 0.4.0
Check: LazyData
Result: NOTE
     'LazyData' is specified without a 'data' directory
Flavors: r-devel-linux-x86_64-debian-clang, r-devel-linux-x86_64-debian-gcc, r-devel-linux-x86_64-fedora-clang, r-devel-linux-x86_64-fedora-gcc, r-devel-windows-x86_64, r-devel-windows-x86_64-gcc10-UCRT, r-patched-linux-x86_64, r-patched-solaris-x86, r-release-linux-x86_64, r-release-macos-arm64, r-release-macos-x86_64, r-release-windows-ix86+x86_64