CRAN Package Check Results for Package ggsci

Last updated on 2021-06-22 09:51:37 CEST.

Flavor Version Tinstall Tcheck Ttotal Status Flags
r-devel-linux-x86_64-debian-clang 2.9 4.66 111.63 116.29 NOTE
r-devel-linux-x86_64-debian-gcc 2.9 3.97 81.36 85.33 NOTE
r-devel-linux-x86_64-fedora-clang 2.9 140.74 NOTE
r-devel-linux-x86_64-fedora-gcc 2.9 132.04 NOTE
r-devel-windows-x86_64 2.9 9.00 120.00 129.00 NOTE
r-devel-windows-x86_64-gcc10-UCRT 2.9 NOTE
r-patched-linux-x86_64 2.9 5.52 103.13 108.65 NOTE
r-patched-solaris-x86 2.9 173.60 NOTE
r-release-linux-x86_64 2.9 5.00 103.39 108.39 NOTE
r-release-macos-arm64 2.9 NOTE
r-release-macos-x86_64 2.9 NOTE
r-release-windows-ix86+x86_64 2.9 14.00 139.00 153.00 NOTE
r-oldrel-macos-x86_64 2.9 OK

Check Details

Version: 2.9
Check: LazyData
Result: NOTE
     'LazyData' is specified without a 'data' directory
Flavors: r-devel-linux-x86_64-debian-clang, r-devel-linux-x86_64-debian-gcc, r-devel-linux-x86_64-fedora-clang, r-devel-linux-x86_64-fedora-gcc, r-devel-windows-x86_64, r-devel-windows-x86_64-gcc10-UCRT, r-patched-linux-x86_64, r-patched-solaris-x86, r-release-linux-x86_64, r-release-macos-arm64, r-release-macos-x86_64, r-release-windows-ix86+x86_64