CRAN Package Check Results for Package ggrasp

Last updated on 2020-02-28 22:53:33 CET.

Flavor Version Tinstall Tcheck Ttotal Status Flags
r-devel-linux-x86_64-debian-clang 1.0 15.08 110.76 125.84 OK
r-devel-linux-x86_64-debian-gcc 1.0 13.15 82.18 95.33 OK
r-devel-linux-x86_64-fedora-clang 1.0 147.28 NOTE
r-devel-linux-x86_64-fedora-gcc 1.0 140.75 OK
r-devel-windows-ix86+x86_64 1.0 62.00 111.00 173.00 NOTE
r-devel-windows-ix86+x86_64-gcc8 1.0 43.00 115.00 158.00 NOTE
r-patched-linux-x86_64 1.0 13.55 94.12 107.67 OK
r-patched-solaris-x86 1.0 202.40 NOTE
r-release-linux-x86_64 1.0 13.71 94.10 107.81 OK
r-release-windows-ix86+x86_64 1.0 35.00 147.00 182.00 NOTE
r-release-osx-x86_64 1.0 NOTE
r-oldrel-windows-ix86+x86_64 1.0 23.00 112.00 135.00 NOTE
r-oldrel-osx-x86_64 1.0 NOTE

Check Details

Version: 1.0
Check: installed package size
Result: NOTE
     installed size is 9.4Mb
     sub-directories of 1Mb or more:
     extdata 9.0Mb
Flavors: r-devel-linux-x86_64-fedora-clang, r-devel-windows-ix86+x86_64, r-devel-windows-ix86+x86_64-gcc8, r-patched-solaris-x86, r-release-windows-ix86+x86_64, r-release-osx-x86_64, r-oldrel-windows-ix86+x86_64, r-oldrel-osx-x86_64