CRAN Package Check Results for Package ggpol

Last updated on 2020-02-17 14:47:48 CET.

Flavor Version Tinstall Tcheck Ttotal Status Flags
r-devel-linux-x86_64-debian-clang 0.0.5 8.84 48.70 57.54 OK
r-devel-linux-x86_64-debian-gcc 0.0.5 7.39 36.75 44.14 OK
r-devel-linux-x86_64-fedora-clang 0.0.5 69.35 NOTE
r-devel-linux-x86_64-fedora-gcc 0.0.5 66.48 NOTE
r-devel-windows-ix86+x86_64 0.0.5 19.00 64.00 83.00 OK
r-devel-windows-ix86+x86_64-gcc8 0.0.5 29.00 96.00 125.00 OK
r-patched-linux-x86_64 0.0.5 7.02 41.92 48.94 OK
r-patched-solaris-x86 0.0.5 87.20 NOTE
r-release-linux-x86_64 0.0.5 7.53 41.82 49.35 OK
r-release-windows-ix86+x86_64 0.0.5 16.00 56.00 72.00 OK
r-release-osx-x86_64 0.0.5 NOTE
r-oldrel-windows-ix86+x86_64 0.0.5 11.00 59.00 70.00 OK
r-oldrel-osx-x86_64 0.0.5 NOTE

Check Details

Version: 0.0.5
Check: dependencies in R code
Result: NOTE
    Namespaces in Imports field not imported from:
     ‘dplyr’ ‘grDevices’
     All declared Imports should be used.
Flavors: r-devel-linux-x86_64-fedora-clang, r-devel-linux-x86_64-fedora-gcc, r-patched-solaris-x86, r-release-osx-x86_64, r-oldrel-osx-x86_64