CRAN Package Check Results for Package ggpol

Last updated on 2020-07-06 21:50:27 CEST.

Flavor Version Tinstall Tcheck Ttotal Status Flags
r-devel-linux-x86_64-debian-clang 0.0.6 9.01 47.75 56.76 OK
r-devel-linux-x86_64-debian-gcc 0.0.6 6.73 37.15 43.88 OK
r-devel-linux-x86_64-fedora-clang 0.0.6 76.96 NOTE
r-devel-linux-x86_64-fedora-gcc 0.0.6 65.29 NOTE
r-devel-windows-ix86+x86_64 0.0.6 34.00 105.00 139.00 OK
r-patched-linux-x86_64 0.0.6 8.66 45.92 54.58 OK
r-patched-solaris-x86 0.0.6 94.20 NOTE
r-release-linux-x86_64 0.0.6 8.92 46.40 55.32 OK
r-release-osx-x86_64 0.0.6 NOTE
r-release-windows-ix86+x86_64 0.0.6 19.00 79.00 98.00 OK
r-oldrel-osx-x86_64 0.0.6 NOTE
r-oldrel-windows-ix86+x86_64 0.0.6 25.00 85.00 110.00 OK

Check Details

Version: 0.0.6
Check: dependencies in R code
Result: NOTE
    Namespaces in Imports field not imported from:
     ‘dplyr’ ‘grDevices’
     All declared Imports should be used.
Flavors: r-devel-linux-x86_64-fedora-clang, r-devel-linux-x86_64-fedora-gcc, r-patched-solaris-x86, r-release-osx-x86_64, r-oldrel-osx-x86_64