CRAN Package Check Results for Package ggplot2

Last updated on 2021-10-27 08:56:05 CEST.

Flavor Version Tinstall Tcheck Ttotal Status Flags
r-devel-linux-x86_64-debian-clang 3.3.5 30.65 395.27 425.92 OK
r-devel-linux-x86_64-debian-gcc 3.3.5 21.61 282.16 303.77 OK
r-devel-linux-x86_64-fedora-clang 3.3.5 474.71 NOTE
r-devel-linux-x86_64-fedora-gcc 3.3.5 467.85 NOTE
r-devel-windows-x86_64 3.3.5 42.00 503.00 545.00 OK
r-devel-windows-x86_64-gcc10-UCRT 3.3.5 NOTE
r-patched-linux-x86_64 3.3.5 34.62 368.62 403.24 OK
r-patched-solaris-x86 3.3.5 544.20 NOTE
r-release-linux-x86_64 3.3.5 23.33 370.02 393.35 OK
r-release-macos-arm64 3.3.5 NOTE
r-release-macos-x86_64 3.3.5 NOTE
r-release-windows-ix86+x86_64 3.3.5 31.00 483.00 514.00 OK
r-oldrel-macos-x86_64 3.3.5 NOTE
r-oldrel-windows-ix86+x86_64 3.3.5 46.00 473.00 519.00 OK

Check Details

Version: 3.3.5
Check: dependencies in R code
Result: NOTE
    Namespace in Imports field not imported from: ‘mgcv’
     All declared Imports should be used.
Flavors: r-devel-linux-x86_64-fedora-clang, r-devel-linux-x86_64-fedora-gcc, r-devel-windows-x86_64-gcc10-UCRT, r-patched-solaris-x86, r-release-macos-arm64, r-release-macos-x86_64, r-oldrel-macos-x86_64

Version: 3.3.5
Check: installed package size
Result: NOTE
     installed size is 5.5Mb
     sub-directories of 1Mb or more:
     R 1.4Mb
     doc 2.0Mb
Flavors: r-patched-solaris-x86, r-release-macos-arm64