CRAN Package Check Results for Package ggmap

Last updated on 2020-02-21 17:47:47 CET.

Flavor Version Tinstall Tcheck Ttotal Status Flags
r-devel-linux-x86_64-debian-clang 3.0.0 13.76 72.11 85.87 OK
r-devel-linux-x86_64-debian-gcc 3.0.0 9.96 55.62 65.58 OK
r-devel-linux-x86_64-fedora-clang 3.0.0 102.76 OK
r-devel-linux-x86_64-fedora-gcc 3.0.0 99.91 OK
r-devel-windows-ix86+x86_64 3.0.0 21.00 88.00 109.00 OK
r-devel-windows-ix86+x86_64-gcc8 3.0.0 35.00 120.00 155.00 OK
r-patched-linux-x86_64 3.0.0 11.12 63.06 74.18 OK
r-patched-solaris-x86 3.0.0 137.00 NOTE
r-release-linux-x86_64 3.0.0 10.85 62.56 73.41 OK
r-release-windows-ix86+x86_64 3.0.0 19.00 84.00 103.00 OK
r-release-osx-x86_64 3.0.0 OK
r-oldrel-windows-ix86+x86_64 3.0.0 14.00 75.00 89.00 OK
r-oldrel-osx-x86_64 3.0.0 OK

Check Details

Version: 3.0.0
Check: installed package size
Result: NOTE
     installed size is 5.1Mb
     sub-directories of 1Mb or more:
     data 4.5Mb
Flavor: r-patched-solaris-x86