CRAN Package Check Results for Package ggm

Last updated on 2021-06-15 09:52:48 CEST.

Flavor Version Tinstall Tcheck Ttotal Status Flags
r-devel-linux-x86_64-debian-clang 2.5 11.12 75.35 86.47 OK
r-devel-linux-x86_64-debian-gcc 2.5 6.84 56.77 63.61 OK
r-devel-linux-x86_64-fedora-clang 2.5 109.20 NOTE
r-devel-linux-x86_64-fedora-gcc 2.5 99.58 NOTE
r-devel-windows-x86_64 2.5 15.00 93.00 108.00 OK
r-devel-windows-x86_64-gcc10-UCRT 2.5 NOTE
r-patched-linux-x86_64 2.5 14.88 72.05 86.93 OK
r-patched-solaris-x86 2.5 127.90 NOTE
r-release-linux-x86_64 2.5 8.01 73.13 81.14 OK
r-release-macos-arm64 2.5 NOTE
r-release-macos-x86_64 2.5 NOTE
r-release-windows-ix86+x86_64 2.5 16.00 72.00 88.00 OK
r-oldrel-macos-x86_64 2.5 NOTE
r-oldrel-windows-ix86+x86_64 2.5 16.00 92.00 108.00 OK

Check Details

Version: 2.5
Check: dependencies in R code
Result: NOTE
    Namespace in Imports field not imported from: ‘graph’
     All declared Imports should be used.
Flavors: r-devel-linux-x86_64-fedora-clang, r-devel-linux-x86_64-fedora-gcc, r-devel-windows-x86_64-gcc10-UCRT, r-patched-solaris-x86, r-release-macos-arm64, r-release-macos-x86_64, r-oldrel-macos-x86_64